{"id":973,"date":"2021-04-10T15:59:05","date_gmt":"2021-04-10T15:59:05","guid":{"rendered":"http:\/\/jonathanfischer.de\/?page_id=973"},"modified":"2024-05-18T08:20:36","modified_gmt":"2024-05-18T08:20:36","slug":"die-planwirtschaft-der-angela-merkel","status":"publish","type":"page","link":"https:\/\/jonathanfischer.de\/?page_id=973","title":{"rendered":"Die Planwirtschaft der Angela Merkel"},"content":{"rendered":"<p>Die Inzidenzwerte m\u00fcssen, m\u00f6ge kommen was wolle, unter 100 gedr\u00fcckt werden. Nachdem der Bundestag schon fr\u00fcher entmachtet wurde, wird unsere n\u00e4chtliche Zwangshaft, nach Widerst\u00e4nden in einigen Bundesl\u00e4ndern, halt jetzt per neuem Merkelschen Einheits-Gesetz durchgesetzt. Gem\u00e4\u00df meinen Ausf\u00fchrungen zum Buch Daniel funktioniert das Herrschen \u00fcbers Volk durch das Erlassen von Gesetzen (Ordnungszahl 10). Zudem ist die h\u00f6chste Amtstr\u00e4gerin, mit \u00fcberall gezeigter magischer Fingerraute (von oben nach unten), nicht umsonst Wissenschaftlerin mit Kontrollwahn und vertraut ausschlie\u00dflich Zahlen. Mein gr\u00fcner Ministerpr\u00e4sident vertraut auf die schnelle Impfung von so viel wie m\u00f6glich Menschen &#8211; dann isch dr Zaubr vorbei.\u00a0 Auch Schullehrer irren sich, denn Neuansteckungen bei Geimpften in Altersheimen sprechen eine deutlichere Sprache. Zur Pandemie und Inzidenzzahlen fallen mir die Worte eines an anderer Stelle zitierten bayerischen Komikers ein. Dito isl\u00e4ndischem Vorbild k\u00f6nnte dieser als Ministerpr\u00e4sident oder Bundeskanzler seine Arbeit besser machen:<\/p>\n<p><em>Wenn einer mal sich in einen Gedanken f\u00f6rmlich hinein verrennt, dann ist er ja wie vernagelt, net?<\/em><\/p>\n<p>Zu h\u00f6ren ab Minute 1:44 von Gerhard Polt\u2018s Nikolausi: <a href=\"https:\/\/www.youtube.com\/watch?v=bGwOCFMl_Hk\">https:\/\/www.youtube.com\/watch?v=bGwOCFMl_Hk<\/a><\/p>\n<p>Seit einem Jahr wird in der Tagesschau gebetshaft in die K\u00f6pfe der Zuschauer eingetrichtert, wie hoch die Messergebnisse von medizinischen Tests und wie hoch die Todeszahlen sind. In der gr\u00f6\u00dften Manipulation der Geschichte, behaupten Experten alles unter Kontrolle zu haben. Je nachdem, und was Regierungsautorit\u00e4ten sagen, muss gehandelt werden. Es wird nicht f\u00fcr m\u00f6glich gehalten, dass das Virus wieder von alleine verschwindet oder ein wirksames Medikament entwickelt wird. Darum muss sich das \u00f6ffentliche Leben und Aktivit\u00e4ten in der Wirtschaft in Lockdowns komplett unterordnen. Schlie\u00dflich geht es nicht um zerst\u00f6rte Existenzen von Unternehmern und deren Mitarbeitern, sondern um ihre Menschenleben und unser aller Gesundheit. Die Entscheidungstr\u00e4ger an den Strippen der Macht sind davon \u00fcberzeugt ihre Ma\u00dfnahmen retten das Land. Mehr Intelligenz und Kompetenz traute ich bisher Bundeskanzler Sebastian Kurz aus unserem Nachbarland \u00d6sterreich zu. Die neuesten Enth\u00fcllungen seiner Chats lassen mich jedoch B\u00f6ses erahnen. Darum komme ich zum Schluss, unsere zusammenhaltende Zunft der Politiker ist oft korrupt und Dr. Merkel hat \u00fcberhaupt keinen Plan, au\u00dfer die (In)Kompetenz in laufend neuen Ma\u00dfnahmen zu demonstrieren.<\/p>\n<p>Verflucht ist wer Menschen vertraut und dessen Herz vom Herrn weicht, stellte einst der Prophet Jeremia fest. Im Alten Testament gibt es an einer anderen Stelle die L\u00f6sung f\u00fcr die Corona-Krise. In 2. Chroniker 7 Vers 14 findet sich eine genaue Anweisung f\u00fcr unser christliches Abendland, was bei einer Pestilenz zu tun ist:<\/p>\n<p><strong>Und wenn mein Volk, \u00fcber das mein Name genannt ist, sich dem\u00fctigt, dass sie beten und mein Angesicht suchen und sich von ihren b\u00f6sen Wegen bekehren, so will ich vom Himmel her h\u00f6ren und ihre S\u00fcnde vergeben und ihr Land heilen.<\/strong><\/p>\n<p>Vor 3000 Jahren war die Welt auch nicht in Ordnung. Es gab Epidemien, Hungersn\u00f6te und Kriege. Genauestens festgehalten von Propheten wie Samuel in den Chroniken und B\u00fccher der K\u00f6nige. Diese Geschichtsb\u00fccher verfolgten auch einen bestimmten Zweck mit ihren Berichten \u00fcber b\u00f6se K\u00f6nige, deren Herz von Gott abwich, und den guten, gl\u00e4ubigen K\u00f6nigen, die f\u00fcr das Volk Israel zum Segen wurden. Man sollte aus Fehlern lernen und sich zu dem strafenden Bundesgott zur\u00fcckbesinnen. Es ist der eifers\u00fcchtige Herr aller Herrn, der nicht umsonst 10 Gebote gegeben hat. Bei denen, die ihm Feind sind und hassen, wird die Schuld der S\u00f6hne und V\u00e4ter bis in die dritte und vierte Generation verfolgt (2. Mose 20). Im 1. Buch Mose ist der gro\u00dfe Gott zudem der Sch\u00f6pfer, der uns den Lebensatem einhaucht. In einem Fluch wird heute als Umkehrung &#8211; durch ein unsichtbares kleines Virus &#8211; unsere Atmung ausgesetzt.<\/p>\n<p>Nun ist Frau Dr. rer. nat. Merkel bekanntlich die Tochter eines verstorbenen, evangelischen Pfarrers. Warum sollte sie, als Politiker der Christlich Demokratischen Union, nicht auf den Gedanken kommen \u00f6ffentlich f\u00fcr das Wohl des Landes und des Volkes zu beten? Mir f\u00e4llt niemand ein, der dies einmal im Fernsehen gewagt h\u00e4tte. Moderatoren wagten es, auf dem christlichen G\u00e4stezentrum Sch\u00f6nblick bei einer Wahlveranstaltung vor tausenden begeisterten Gl\u00e4ubigen zu fordern, sich mehr nach dem Wort Gottes in ihren Entscheidungen zu richten. Ihre vernebelte Antwort lautete in Schw\u00e4bisch Gm\u00fcnd die Bibel kann kein Handbuch f\u00fcr die Gestaltung heutiger Politik sein. Stattdessen floss in ihren Vortrag mehrmals ein \u201eDie W\u00fcrde des Menschen ist unantastbar.\u201c Dieser Satz, der f\u00fcr jeden Menschen in der Welt gilt, gilt jedoch in der Corona-Pandemie nicht mehr. Menschen d\u00fcrfen nicht behandelt werden als seien sie nichts wert (nicht geimpft zu sein in Israel). Der Staat darf einen Menschen, der in gro\u00dfer Gefahr ist, nicht alleine lassen, als sei er nichts wert. Kein Mensch hat das Recht einem anderen Menschen Gewalt anzutun. Kein Mensch, der wirklich Hilfe braucht, darf allein gelassen werden.<\/p>\n<p><strong>Frau Merkel muss sich heute, am 10. April den Vorwurf gefallen lassen, dass Sie gegen Artikel 1 im Grundgesetz versto\u00dfen hat.<\/strong><\/p>\n<p>Denn sie nimmt mit ihren drakonischen Ma\u00dfnahmen meiner j\u00fcngsten Tochter in der Grundschule die Luft zum Atmen. Michelle Jael geht es schlecht, weil sie 7 Stunden lang eine Sauerstoff raubende Maske tragen muss (Sch\u00e4den in der Entwicklung sind nicht auszuschlie\u00dfen). Sie hat ein Horror davor, in die oft geschlossene Schule zu gehen und will lieber zuhause betreut werden. Ihre Freundin weint, weil sie den ganzen Tag Nasenbluten bekommen hat, von einem mit Gewalt in die Nasenh\u00f6hle gesteckten evtl. gesundheitssch\u00e4dlichen Wattestab (als ob es inzwischen nicht andere Methoden g\u00e4be). Die gestressten Lehrer (die ihre Aufgaben \u00fcbernehmenden Eltern sind es noch viel mehr) sind inzwischen geimpft, aber die Sch\u00fcler d\u00fcrfen keinen Sportunterricht machen. Das w\u00f6chentliche Tischtennistraining im TB Ruit Sportverein f\u00e4llt schon lange flach. Ist heutzutage k\u00f6rperliche Ert\u00fcchtigung f\u00fcr das Kindeswohl nicht von N\u00f6ten?<\/p>\n<p>Das besondere am Coronavirus ist, dass unsere schutzbed\u00fcrftigen Kinder bei der Erkrankung glimpflicher davonkommen, als die meisten Alten. Mein 90-j\u00e4hriger Onkel aus dem Schwarzwald darf in Todesk\u00e4mpfen am Sauerstoffger\u00e4t keinen Besuch erhalten. Meine Tante bekommt bei Anrufen von der Intensivstation gesagt, sie w\u00fcrde den gesunden Betriebsablauf st\u00f6ren. Mich st\u00f6rt, wenn allein gelassene Rentner an Corona sterben, ohne dass ihnen von ihren Angeh\u00f6rigen die H\u00e4nde gehalten werden und mit liebevollen Worten in der schwersten Stunde beigestanden wird.<\/p>\n<p>Karl Lauterbach st\u00f6rt bei \u201eHart aber Fair\u201c nicht, wenn das Land hinnehmen muss, dass ein paar wenige Menschen durch Impfungen sterben. Unverst\u00e4ndnis und Entsetzen breitet sich aus bei der trauernden Mutter von Dana O.. Die 32-j\u00e4hrige Psychologin ist nach\u00a0 unmenschlichen Schmerzen viel zu fr\u00fch an einer Hirnthrombose gestorben. Die Menschen bekommen in ihre K\u00f6pfe eingeh\u00e4mmert, man muss sich so schnell wie m\u00f6glich, egal mit welchem Mittel, impfen lassen. Meine Nichte hat Astrazenica mit \u00fcblen Nebenwirkungen \u00fcberlebt und meine Schw\u00e4gerin hat das Impfzentrum wieder verlassen, weil sie das unn\u00f6tige Risiko nicht eingehen und lieber ein anderes Vakzin wollte.<\/p>\n<p>Angst und Panik breitet sich in Deutschland aus, ob der Ank\u00fcndigung des h\u00e4rteren dritten Lockdowns. Immer mehr Menschen werden psychisch krank. Ohne Ausweg und Freude am Leben wird frustriert \u00fcber Selbstmord nachgedacht. Die Krankenh\u00e4user m\u00fcssen wichtige Termine verschieben, bei der Behandlung von todgeweihten Krebspatienten. Selbst das \u00c4rzteblatt berichtet \u00fcber SARS-CoV-2 und den Kollateralsch\u00e4den der Pandemie. Was n\u00fctzt es da, wenn die Regierungschefin Fehler einr\u00e4umte. Denn trotzdem muss sich jeder und alles dem zum Scheitern verurteilten Masterplan von K\u00f6nigin Kleopatra oder besser gesagt der Planwirtschaft der engelhaften obersten Pharaonin Merkel unterordnen.<\/p>\n<p>K\u00f6nnte man aufgrund ihres r\u00e4tselhaften Zitterns in der \u00d6ffentlichkeit, nicht einmal auf die Idee kommen ihren Geisteszustand zu hinterfragen?<\/p>\n<p>Ich bin mir sicher kein Covidiot zu sein und bestimmt war ich noch auf keiner Querdenker Demonstration. Trotzdem spreche ich zum Schluss \u00fcber die Corona-Diktatur. Ein alter Freund, der in dieses Bild passt, hat mir beim Grillen berichtet, dass \u00fcber seinen Laden Aufforderungen wie im Dritten Reich gemacht werden gleich: \u201eKauft hier nicht ein, der Besitzer ist ein Corona-Leugner\u201c. An sein Auto wurde ein Antifa-Hinweis angebracht, sie w\u00fcssten jetzt wo er wohnt. Das ist umso beunruhigender, da er ausgerechnet Zeuge des Mordanschlags auf den Gewerksschafter Andreas Ziegler wurde und als Ausweg nur die Flucht in einer Auswanderung sieht. F\u00fcr die SPD-Vorsitzende Saskia Esen war es selbstverst\u00e4ndlich, sich als Teil der Antifa zu empfinden (ist sie jetzt auf Twitter ein Antidiot?) und von Angela Merkel gehen keine Impulse aus, den militanten Teil als Terroristen einzustufen oder gar zu verbieten. Die meinem Freund feindlich gesinnten, linken Demonstranten der Antifaschistischen Aktion behaupten doch tats\u00e4chlich in den Medien ihre Gegner w\u00e4ren Nazis.<\/p>\n<p>Die gr\u00f6\u00dfte Trag\u00f6die der Menschheit begann mit Hitler&#8217;s Rede vor dem Reichstag: \u201eSeit 5:45 Uhr wird zur\u00fcck geschossen!\u201c<\/p>\n<p>Das erinnert mich stark an die komplette Verdrehung von Tatsachen in meinem Beitrag \u00fcber den verurteilten Bremer Pastor Olaf Latzel. Das Wort \u201ePlanwirtschaft\u201c pr\u00e4gte j\u00fcngst der Bundesverband der deutschen Industrie im Bezug auf das Wahlprogramm der Gr\u00fcnen. Man muss kein Untergangsprophet sein in der gro\u00dfen Sorge um das Deutsche Volk, wenn Annalena zum Bock gemacht wird.<\/p>\n<p>Zum Schluss lasse ich Walter Stein mit seinem wiederholten Kommentar sprechen:<\/p>\n<p><em>Ein altes deutsches Volkslied pr\u00e4gt sich Kindern im Musikunterricht ins Ged\u00e4chtnis ein: Die Gedanken sind frei\u2026<br \/>\nSophie Scholl fl\u00f6tete ihrem Vater die Melodie vor. Sie stand vor Mauern. Er sa\u00df im Gef\u00e4ngnis. 1942 wagten wenige Widerstandsk\u00e4mpfer, Kritik an der politischen F\u00fchrung auszu\u00fcben. Durch Gesetze wurde das Parlament entmachtet. Die Allgemeinheit jubelte dem Diktator zu. Das Land wurde in den Krieg getrieben. Mit Propaganda lie\u00df sich ein Volk verf\u00fchren. Intelligente Menschen wollten trotz Ausnahmezustand nicht schweigen. Aus tiefer \u00dcberzeugung folgten Taten. Junge Studenten wurden zu Helden. Der totalit\u00e4re Staat machte kurzen Prozess. K\u00f6pfe mussten rollen.<\/em><\/p>\n<p><em>Es werden wieder Flugbl\u00e4tter verteilt. Vor kurzem beobachtete ich eine junge Frau. Sie f\u00fchlte sich wie eine Widerstandsk\u00e4mpferin. Unverst\u00e4ndnis und Ablehnung schlug ihr entgegen. Ihr Motiv war zu helfen. Statt dessen wurde sie als System gef\u00e4hrdendes Problem angesehen.<\/em><\/p>\n<p><em>Ihre leidenschaftliche Mission war die Verbreitung wilder Thesen. Alles gegen die herrschende Meinung. Schnell entlarvte sich die Maskenverweigerin in hitzigen Diskussionen als Corona-Leugnerin. Wirklich Kranke bek\u00e4men aus Panik keinen Behandlungstermin. Pflegebed\u00fcrftige w\u00fcrden von Angeh\u00f6rigen isoliert. T\u00e4glich verbreitete Statistiken w\u00e4ren \u00fcbertrieben. Tests br\u00e4chten oft falsche Ergebnisse. Impfstoffe seien ohne wissenschaftliche Pr\u00fcfung produziert worden. Millionen Beatmungsger\u00e4te anzuschaffen w\u00e4re kontraproduktiv. Covid 19 Patienten k\u00f6nnten auf Intensivstationen gerade wegen der Intubation sterben. Impfungen schw\u00e4chten das Immunsystem. Jungen in Afrika seien dadurch gel\u00e4hmt. In Indien w\u00e4ren M\u00e4dchen gestorben. Die Zukunft unserer Kinder st\u00e4nde auf dem Spiel. Bill Gates verliere einen sinnlosen Krieg gegen ein Labor-Virus. Die Finanzelite f\u00fchre zum eigenen Vorteil den Notstand herbei. Der tiefe Staat h\u00e4tte alles hinter verschlossenen T\u00fcren geplant. Die L\u00fcgenpresse w\u00e4re gekauft. Verschw\u00f6rungstheoretiker w\u00fcrden als Antisemiten zum Schweigen gebracht. <\/em><\/p>\n<p><em>Diese Widerstandsk\u00e4mpferin will Jude und kein Nazi zu sein. Jedoch wird ihre unterst\u00fctzte Partei der NPD gleichgestellt. Diese Widerstandsk\u00e4mpferin h\u00e4lt das Grundgesetz demonstrativ hoch. Jedoch wird sie vom Verfassungsschutz beobachtet. Diese Widerstandsk\u00e4mpferin will Leben retten. Jedoch wird ihr durch r\u00fccksichtsloses Verhalten das T\u00f6ten unterstellt. Diese Widerstandsk\u00e4mpferin hat ein Attest wegen Asthma. Jedoch wird sie aus L\u00e4den gewiesen, in der U-Bahn angespien. Diese Widerstandsk\u00e4mpferin will Medizinstudent sein. Jedoch wird sie von Parteispitzen als Covidiot bezeichnet. <\/em><\/p>\n<p><em>Der Anwalt eines wortgewaltigen Bremer Pfarrers m\u00f6chte seine Verurteilung wenden. Trotz rauer werdenden T\u00f6nen befindet der Generalstaatsanwalt die Bezeichnung Covidiot als von der verfassungsrechtlich gesch\u00fctzten Meinungsfreiheit gedeckt. Weiterhin wird ein verunglimpfendes Verhalten von demokratisch gew\u00e4hlten, streitbaren Politikern nicht als Volksverhetzung gewertet. Die Debatten im Bundestag werden f\u00fcr die Nachwelt aufgezeichnet. Keine Personengruppe wird durch Parlamentarier beschimpft, b\u00f6swillig ver\u00e4chtlich gemacht oder verleumdet. Meinungen gehen auseinander. Gedanken sind frei. 28\/11\/2020 <a href=\"https:\/\/matthiasruf.blog\/aktuelles\/kampf-gegen-olaf-latzel\/\">Kampf gegen Olaf Latzel<\/a><\/em><\/p>\n","protected":false},"excerpt":{"rendered":"<p>Die Inzidenzwerte m\u00fcssen, m\u00f6ge kommen was wolle, unter 100 gedr\u00fcckt werden. Nachdem der Bundestag schon fr\u00fcher entmachtet wurde, wird unsere n\u00e4chtliche Zwangshaft, nach Widerst\u00e4nden in einigen Bundesl\u00e4ndern, halt jetzt per neuem Merkelschen Einheits-Gesetz durchgesetzt. Gem\u00e4\u00df meinen Ausf\u00fchrungen zum Buch Daniel funktioniert das Herrschen \u00fcbers Volk durch das Erlassen von Gesetzen (Ordnungszahl 10). Zudem ist die [&hellip;]<\/p>\n","protected":false},"author":2,"featured_media":0,"parent":37,"menu_order":55,"comment_status":"open","ping_status":"closed","template":"","meta":{"footnotes":""},"class_list":["post-973","page","type-page","status-publish","hentry"],"_links":{"self":[{"href":"https:\/\/jonathanfischer.de\/index.php?rest_route=\/wp\/v2\/pages\/973","targetHints":{"allow":["GET"]}}],"collection":[{"href":"https:\/\/jonathanfischer.de\/index.php?rest_route=\/wp\/v2\/pages"}],"about":[{"href":"https:\/\/jonathanfischer.de\/index.php?rest_route=\/wp\/v2\/types\/page"}],"author":[{"embeddable":true,"href":"https:\/\/jonathanfischer.de\/index.php?rest_route=\/wp\/v2\/users\/2"}],"replies":[{"embeddable":true,"href":"https:\/\/jonathanfischer.de\/index.php?rest_route=%2Fwp%2Fv2%2Fcomments&post=973"}],"version-history":[{"count":47,"href":"https:\/\/jonathanfischer.de\/index.php?rest_route=\/wp\/v2\/pages\/973\/revisions"}],"predecessor-version":[{"id":1022,"href":"https:\/\/jonathanfischer.de\/index.php?rest_route=\/wp\/v2\/pages\/973\/revisions\/1022"}],"up":[{"embeddable":true,"href":"https:\/\/jonathanfischer.de\/index.php?rest_route=\/wp\/v2\/pages\/37"}],"wp:attachment":[{"href":"https:\/\/jonathanfischer.de\/index.php?rest_route=%2Fwp%2Fv2%2Fmedia&parent=973"}],"curies":[{"name":"wp","href":"https:\/\/api.w.org\/{rel}","templated":true}]}}