{"id":943,"date":"2021-03-28T10:21:59","date_gmt":"2021-03-28T10:21:59","guid":{"rendered":"http:\/\/jonathanfischer.de\/?page_id=943"},"modified":"2021-03-28T12:45:45","modified_gmt":"2021-03-28T12:45:45","slug":"wo-ist-gott-im-buch-esther","status":"publish","type":"page","link":"https:\/\/jonathanfischer.de\/?page_id=943","title":{"rendered":"Wo ist Gott? Im Buch Esther!"},"content":{"rendered":"\r\n<figure class=\"wp-block-gallery columns-1 is-cropped wp-block-gallery-1 is-layout-flex wp-block-gallery-is-layout-flex\">\r\n<figure><img loading=\"lazy\" decoding=\"async\" class=\"size-medium wp-image-946 aligncenter\" src=\"https:\/\/jonathanfischer.de\/wp-content\/uploads\/2021\/03\/Book-of-Esther-300x225.jpg\" alt=\"\" width=\"300\" height=\"225\" srcset=\"https:\/\/jonathanfischer.de\/wp-content\/uploads\/2021\/03\/Book-of-Esther-300x225.jpg 300w, https:\/\/jonathanfischer.de\/wp-content\/uploads\/2021\/03\/Book-of-Esther-768x576.jpg 768w, https:\/\/jonathanfischer.de\/wp-content\/uploads\/2021\/03\/Book-of-Esther-1024x768.jpg 1024w, https:\/\/jonathanfischer.de\/wp-content\/uploads\/2021\/03\/Book-of-Esther-900x675.jpg 900w, https:\/\/jonathanfischer.de\/wp-content\/uploads\/2021\/03\/Book-of-Esther.jpg 1280w\" sizes=\"auto, (max-width: 300px) 100vw, 300px\" \/><\/figure>\r\n<\/figure>\r\n\r\n\r\n\r\n\r\nEin humanistisch gepr\u00e4gter deutscher K\u00f6nig fordert seinen Hofprediger heraus:\r\n\r\n\r\n\r\n\r\n\r\n<em>Ich w\u00fcrde schon an Gott glauben. Aber man kann ihn nicht sehen. Kannst Du ihn beweisen?<\/em>\r\n\r\n\r\n\r\n\r\n\r\nDer Pfarrer dachte nach. Er hatte als Morgenlekt\u00fcre das Buch Esther gelesen:\r\n\r\n\r\n\r\n\r\n\r\n<em>Ja, Majest\u00e4t. Gott l\u00e4sst sich beweisen &#8211; durch sein Volk die Juden!<\/em>\r\n\r\n\r\n\r\n\r\n\r\n\r\n\r\n\r\n\r\nDer Name Gottes wird im Buch Esther nicht einmal beschrieben. Aber glauben Sie mir, die Geschichte von der Befreiung der Juden aus der Hand eines b\u00f6sen Feindes ist spannend und voller unglaublichen Zuf\u00e4lle und Wendungen. Kommen auch Sie zum Schluss, dass allein Gott die F\u00e4den in der Hand h\u00e4lt?\r\n\r\n<iframe loading=\"lazy\" title=\"Buchvideo: Ester\" width=\"629\" height=\"354\" src=\"https:\/\/www.youtube.com\/embed\/u9Jp9gc_Cgo?feature=oembed\" frameborder=\"0\" allow=\"accelerometer; autoplay; clipboard-write; encrypted-media; gyroscope; picture-in-picture; web-share\" referrerpolicy=\"strict-origin-when-cross-origin\" allowfullscreen><\/iframe>\r\n\r\n\r\n\r\n\r\n<figure class=\"wp-block-embed is-type-rich is-provider-youtube wp-block-embed-youtube wp-embed-aspect-16-9 wp-has-aspect-ratio\">\r\n<div class=\"wp-block-embed__wrapper\"><\/div><\/figure>\r\n\r\n\r\n\r\n\r\n\r\n\r\n\r\n\r\nEs gibt dem\u00fctige Prediger, die viele Talente und wirklich etwas Gescheites zu sagen haben. Dazu geh\u00f6rt Dr. Roger Liebi. Wer sich die M\u00fche macht anstelle einer Netflix Serie folgenden Vortragsreihe anzuschauen wird erfahren warum Gottes Name doch im Buch Esther erscheint. Ich kann Ihnen nicht versprechen, ob Sie die bildhaften Vergleiche \u00fcber den Konflikt zwischen Fleisch und Geist m\u00f6gen werden. Auf jeden Fall bietet Ihnen der Schweizer Bibellehrer kostenlose Manuskripte und Weisheit, die Sie wahrscheinlich so nicht in Ihrer Kirche erlebt haben.\r\n\r\n<iframe loading=\"lazy\" title=\"Der Konflikt zwischen Fleisch &amp; Geist - Teil 01 |  Illustriert anhand des Buches Esther\" width=\"629\" height=\"354\" src=\"https:\/\/www.youtube.com\/embed\/lWJSKLF8JrA?feature=oembed\" frameborder=\"0\" allow=\"accelerometer; autoplay; clipboard-write; encrypted-media; gyroscope; picture-in-picture; web-share\" referrerpolicy=\"strict-origin-when-cross-origin\" allowfullscreen><\/iframe>\r\n\r\n<iframe loading=\"lazy\" title=\"Der Konflikt zwischen Fleisch &amp; Geist - Teil 02 |  Illustriert anhand des Buches Esther\" width=\"629\" height=\"354\" src=\"https:\/\/www.youtube.com\/embed\/tQ31d9JbPqU?feature=oembed\" frameborder=\"0\" allow=\"accelerometer; autoplay; clipboard-write; encrypted-media; gyroscope; picture-in-picture; web-share\" referrerpolicy=\"strict-origin-when-cross-origin\" allowfullscreen><\/iframe>\r\n\r\n<iframe loading=\"lazy\" title=\"Der Konflikt zwischen Fleisch &amp; Geist - Teil 03 |  Illustriert anhand des Buches Esther\" width=\"629\" height=\"354\" src=\"https:\/\/www.youtube.com\/embed\/8c9wEz_jiXI?feature=oembed\" frameborder=\"0\" allow=\"accelerometer; autoplay; clipboard-write; encrypted-media; gyroscope; picture-in-picture; web-share\" referrerpolicy=\"strict-origin-when-cross-origin\" allowfullscreen><\/iframe>\r\n\r\n<iframe loading=\"lazy\" title=\"Der Konflikt zwischen Fleisch &amp; Geist - Teil 04 |  Illustriert anhand des Buches Esther\" width=\"629\" height=\"354\" src=\"https:\/\/www.youtube.com\/embed\/3WDX1vgBbWk?feature=oembed\" frameborder=\"0\" allow=\"accelerometer; autoplay; clipboard-write; encrypted-media; gyroscope; picture-in-picture; web-share\" referrerpolicy=\"strict-origin-when-cross-origin\" allowfullscreen><\/iframe>\r\n\r\n<iframe loading=\"lazy\" title=\"Der Konflikt zwischen Fleisch &amp; Geist - Teil 05 |  Illustriert anhand des Buches Esther\" width=\"629\" height=\"354\" src=\"https:\/\/www.youtube.com\/embed\/rqzvSgljhWE?feature=oembed\" frameborder=\"0\" allow=\"accelerometer; autoplay; clipboard-write; encrypted-media; gyroscope; picture-in-picture; web-share\" referrerpolicy=\"strict-origin-when-cross-origin\" allowfullscreen><\/iframe>\r\n\r\n<iframe loading=\"lazy\" title=\"Der Konflikt zwischen Fleisch &amp; Geist - Teil 06 |  Illustriert anhand des Buches Esther\" width=\"629\" height=\"354\" src=\"https:\/\/www.youtube.com\/embed\/ItUzhw4uEMY?feature=oembed\" frameborder=\"0\" allow=\"accelerometer; autoplay; clipboard-write; encrypted-media; gyroscope; picture-in-picture; web-share\" referrerpolicy=\"strict-origin-when-cross-origin\" allowfullscreen><\/iframe>\r\n\r\n<iframe loading=\"lazy\" title=\"Der Konflikt zwischen Fleisch &amp; Geist - Teil 07 | Illustriert anhand des Buches Esther\" width=\"629\" height=\"354\" src=\"https:\/\/www.youtube.com\/embed\/U2q4wkFCqPE?feature=oembed\" frameborder=\"0\" allow=\"accelerometer; autoplay; clipboard-write; encrypted-media; gyroscope; picture-in-picture; web-share\" referrerpolicy=\"strict-origin-when-cross-origin\" allowfullscreen><\/iframe>\r\n\r\n<iframe loading=\"lazy\" title=\"Der Konflikt zwischen Fleisch &amp; Geist - Teil 08 |  Illustriert anhand des Buches Esther\" width=\"629\" height=\"354\" src=\"https:\/\/www.youtube.com\/embed\/gKYCIATJY7o?feature=oembed\" frameborder=\"0\" allow=\"accelerometer; autoplay; clipboard-write; encrypted-media; gyroscope; picture-in-picture; web-share\" referrerpolicy=\"strict-origin-when-cross-origin\" allowfullscreen><\/iframe>\r\n\r\n<iframe loading=\"lazy\" title=\"Der Konflikt zwischen Fleisch &amp; Geist - Teil 09 |  Illustriert anhand des Buches Esther\" width=\"629\" height=\"354\" src=\"https:\/\/www.youtube.com\/embed\/DGLLN-IKTDQ?feature=oembed\" frameborder=\"0\" allow=\"accelerometer; autoplay; clipboard-write; encrypted-media; gyroscope; picture-in-picture; web-share\" referrerpolicy=\"strict-origin-when-cross-origin\" allowfullscreen><\/iframe>\r\n\r\n<iframe loading=\"lazy\" title=\"Der Konflikt zwischen Fleisch &amp; Geist - Teil 10 | Illustriert anhand des Buches Esther\" width=\"629\" height=\"354\" src=\"https:\/\/www.youtube.com\/embed\/9D1Z04HbFac?feature=oembed\" frameborder=\"0\" allow=\"accelerometer; autoplay; clipboard-write; encrypted-media; gyroscope; picture-in-picture; web-share\" referrerpolicy=\"strict-origin-when-cross-origin\" allowfullscreen><\/iframe>\r\n\r\n\r\n\r\n\r\n<figure class=\"wp-block-embed is-type-rich is-provider-youtube wp-block-embed-youtube wp-embed-aspect-16-9 wp-has-aspect-ratio\">\r\n<div class=\"wp-block-embed__wrapper\"><a href=\"https:\/\/www.youtube.com\/watch?v=lWJSKLF8JrA\">https:\/\/www.youtube.com\/watch?v=lWJSKLF8JrA<\/a><\/div><\/figure>\r\n\r\n\r\n\r\n<figure class=\"wp-block-embed is-type-rich is-provider-youtube wp-block-embed-youtube wp-embed-aspect-16-9 wp-has-aspect-ratio\">\r\n<div class=\"wp-block-embed__wrapper\"><a href=\"https:\/\/www.youtube.com\/watch?v=tQ31d9JbPqU\">https:\/\/www.youtube.com\/watch?v=tQ31d9JbPqU<\/a><\/div><\/figure>\r\n\r\n\r\n\r\n<figure class=\"wp-block-embed is-type-rich is-provider-youtube wp-block-embed-youtube wp-embed-aspect-16-9 wp-has-aspect-ratio\">\r\n<div class=\"wp-block-embed__wrapper\"><a href=\"https:\/\/www.youtube.com\/watch?v=8c9wEz_jiXI\">https:\/\/www.youtube.com\/watch?v=8c9wEz_jiXI<\/a><\/div><\/figure>\r\n\r\n\r\n\r\n<figure class=\"wp-block-embed is-type-rich is-provider-youtube wp-block-embed-youtube wp-embed-aspect-16-9 wp-has-aspect-ratio\">\r\n<div class=\"wp-block-embed__wrapper\"><a href=\"https:\/\/www.youtube.com\/watch?v=3WDX1vgBbWk\">https:\/\/www.youtube.com\/watch?v=3WDX1vgBbWk<\/a><\/div><\/figure>\r\n\r\n\r\n\r\n<figure class=\"wp-block-embed is-type-rich is-provider-youtube wp-block-embed-youtube wp-embed-aspect-16-9 wp-has-aspect-ratio\">\r\n<div class=\"wp-block-embed__wrapper\"><a href=\"https:\/\/www.youtube.com\/watch?v=rqzvSgljhWE\">https:\/\/www.youtube.com\/watch?v=rqzvSgljhWE<\/a><\/div><\/figure>\r\n\r\n\r\n\r\n<figure class=\"wp-block-embed is-type-rich is-provider-youtube wp-block-embed-youtube wp-embed-aspect-16-9 wp-has-aspect-ratio\">\r\n<div class=\"wp-block-embed__wrapper\"><a href=\"https:\/\/www.youtube.com\/watch?v=ItUzhw4uEMY\">https:\/\/www.youtube.com\/watch?v=ItUzhw4uEMY<\/a><\/div><\/figure>\r\n\r\n\r\n\r\n<figure class=\"wp-block-embed is-type-rich is-provider-youtube wp-block-embed-youtube wp-embed-aspect-16-9 wp-has-aspect-ratio\">\r\n<div class=\"wp-block-embed__wrapper\"><a href=\"https:\/\/www.youtube.com\/watch?v=U2q4wkFCqPE\">https:\/\/www.youtube.com\/watch?v=U2q4wkFCqPE<\/a><\/div><\/figure>\r\n\r\n\r\n\r\n<figure class=\"wp-block-embed is-type-rich is-provider-youtube wp-block-embed-youtube wp-embed-aspect-16-9 wp-has-aspect-ratio\">\r\n<div class=\"wp-block-embed__wrapper\"><a href=\"https:\/\/www.youtube.com\/watch?v=gKYCIATJY7o\">https:\/\/www.youtube.com\/watch?v=gKYCIATJY7o<\/a><\/div><\/figure>\r\n\r\n\r\n\r\n<figure class=\"wp-block-embed is-type-rich is-provider-youtube wp-block-embed-youtube wp-embed-aspect-16-9 wp-has-aspect-ratio\">\r\n<div class=\"wp-block-embed__wrapper\"><a href=\"https:\/\/www.youtube.com\/watch?v=DGLLN-IKTDQ\">https:\/\/www.youtube.com\/watch?v=DGLLN-IKTDQ<\/a><\/div><\/figure>\r\n\r\n\r\n\r\n<figure class=\"wp-block-embed is-type-rich is-provider-youtube wp-block-embed-youtube wp-embed-aspect-16-9 wp-has-aspect-ratio\">\r\n<div class=\"wp-block-embed__wrapper\"><a href=\"https:\/\/www.youtube.com\/watch?v=9D1Z04HbFac\">https:\/\/www.youtube.com\/watch?v=9D1Z04HbFac<\/a><\/div><\/figure>\r\n","protected":false},"excerpt":{"rendered":"<p>Ein humanistisch gepr\u00e4gter deutscher K\u00f6nig fordert seinen Hofprediger heraus: Ich w\u00fcrde schon an Gott glauben. Aber man kann ihn nicht sehen. Kannst Du ihn beweisen? Der Pfarrer dachte nach. Er hatte als Morgenlekt\u00fcre das Buch Esther gelesen: Ja, Majest\u00e4t. Gott l\u00e4sst sich beweisen &#8211; durch sein Volk die Juden! Der Name Gottes wird im Buch [&hellip;]<\/p>\n","protected":false},"author":2,"featured_media":0,"parent":82,"menu_order":10,"comment_status":"closed","ping_status":"closed","template":"","meta":{"footnotes":""},"class_list":["post-943","page","type-page","status-publish","hentry"],"_links":{"self":[{"href":"https:\/\/jonathanfischer.de\/index.php?rest_route=\/wp\/v2\/pages\/943","targetHints":{"allow":["GET"]}}],"collection":[{"href":"https:\/\/jonathanfischer.de\/index.php?rest_route=\/wp\/v2\/pages"}],"about":[{"href":"https:\/\/jonathanfischer.de\/index.php?rest_route=\/wp\/v2\/types\/page"}],"author":[{"embeddable":true,"href":"https:\/\/jonathanfischer.de\/index.php?rest_route=\/wp\/v2\/users\/2"}],"replies":[{"embeddable":true,"href":"https:\/\/jonathanfischer.de\/index.php?rest_route=%2Fwp%2Fv2%2Fcomments&post=943"}],"version-history":[{"count":8,"href":"https:\/\/jonathanfischer.de\/index.php?rest_route=\/wp\/v2\/pages\/943\/revisions"}],"predecessor-version":[{"id":952,"href":"https:\/\/jonathanfischer.de\/index.php?rest_route=\/wp\/v2\/pages\/943\/revisions\/952"}],"up":[{"embeddable":true,"href":"https:\/\/jonathanfischer.de\/index.php?rest_route=\/wp\/v2\/pages\/82"}],"wp:attachment":[{"href":"https:\/\/jonathanfischer.de\/index.php?rest_route=%2Fwp%2Fv2%2Fmedia&parent=943"}],"curies":[{"name":"wp","href":"https:\/\/api.w.org\/{rel}","templated":true}]}}

<figure class="wp-block-gallery columns-1 is-cropped wp-block-gallery-1 is-layout-flex wp-block-gallery-is-layout-flex">
<figure><img loading="lazy" decoding="async" class="size-medium wp-image-946 aligncenter" src="https://jonathanfischer.de/wp-content/uploads/2021/03/Book-of-Esther-300x225.jpg" alt="" width="300" height="225" srcset="https://jonathanfischer.de/wp-content/uploads/2021/03/Book-of-Esther-300x225.jpg 300w, https://jonathanfischer.de/wp-content/uploads/2021/03/Book-of-Esther-768x576.jpg 768w, https://jonathanfischer.de/wp-content/uploads/2021/03/Book-of-Esther-1024x768.jpg 1024w, https://jonathanfischer.de/wp-content/uploads/2021/03/Book-of-Esther-900x675.jpg 900w, https://jonathanfischer.de/wp-content/uploads/2021/03/Book-of-Esther.jpg 1280w" sizes="auto, (max-width: 300px) 100vw, 300px" /></figure>
</figure>




Ein humanistisch geprägter deutscher König fordert seinen Hofprediger heraus:





<em>Ich würde schon an Gott glauben. Aber man kann ihn nicht sehen. Kannst Du ihn beweisen?</em>





Der Pfarrer dachte nach. Er hatte als Morgenlektüre das Buch Esther gelesen:





<em>Ja, Majestät. Gott lässt sich beweisen &#8211; durch sein Volk die Juden!</em>









Der Name Gottes wird im Buch Esther nicht einmal beschrieben. Aber glauben Sie mir, die Geschichte von der Befreiung der Juden aus der Hand eines bösen Feindes ist spannend und voller unglaublichen Zufälle und Wendungen. Kommen auch Sie zum Schluss, dass allein Gott die Fäden in der Hand hält?

<iframe loading="lazy" title="Buchvideo: Ester" width="629" height="354" src="https://www.youtube.com/embed/u9Jp9gc_Cgo?feature=oembed" frameborder="0" allow="accelerometer; autoplay; clipboard-write; encrypted-media; gyroscope; picture-in-picture; web-share" referrerpolicy="strict-origin-when-cross-origin" allowfullscreen></iframe>




<figure class="wp-block-embed is-type-rich is-provider-youtube wp-block-embed-youtube wp-embed-aspect-16-9 wp-has-aspect-ratio">
<div class="wp-block-embed__wrapper"></div></figure>








Es gibt demütige Prediger, die viele Talente und wirklich etwas Gescheites zu sagen haben. Dazu gehört Dr. Roger Liebi. Wer sich die Mühe macht anstelle einer Netflix Serie folgenden Vortragsreihe anzuschauen wird erfahren warum Gottes Name doch im Buch Esther erscheint. Ich kann Ihnen nicht versprechen, ob Sie die bildhaften Vergleiche über den Konflikt zwischen Fleisch und Geist mögen werden. Auf jeden Fall bietet Ihnen der Schweizer Bibellehrer kostenlose Manuskripte und Weisheit, die Sie wahrscheinlich so nicht in Ihrer Kirche erlebt haben.

<iframe loading="lazy" title="Der Konflikt zwischen Fleisch &amp; Geist - Teil 01 |  Illustriert anhand des Buches Esther" width="629" height="354" src="https://www.youtube.com/embed/lWJSKLF8JrA?feature=oembed" frameborder="0" allow="accelerometer; autoplay; clipboard-write; encrypted-media; gyroscope; picture-in-picture; web-share" referrerpolicy="strict-origin-when-cross-origin" allowfullscreen></iframe>

<iframe loading="lazy" title="Der Konflikt zwischen Fleisch &amp; Geist - Teil 02 |  Illustriert anhand des Buches Esther" width="629" height="354" src="https://www.youtube.com/embed/tQ31d9JbPqU?feature=oembed" frameborder="0" allow="accelerometer; autoplay; clipboard-write; encrypted-media; gyroscope; picture-in-picture; web-share" referrerpolicy="strict-origin-when-cross-origin" allowfullscreen></iframe>

<iframe loading="lazy" title="Der Konflikt zwischen Fleisch &amp; Geist - Teil 03 |  Illustriert anhand des Buches Esther" width="629" height="354" src="https://www.youtube.com/embed/8c9wEz_jiXI?feature=oembed" frameborder="0" allow="accelerometer; autoplay; clipboard-write; encrypted-media; gyroscope; picture-in-picture; web-share" referrerpolicy="strict-origin-when-cross-origin" allowfullscreen></iframe>

<iframe loading="lazy" title="Der Konflikt zwischen Fleisch &amp; Geist - Teil 04 |  Illustriert anhand des Buches Esther" width="629" height="354" src="https://www.youtube.com/embed/3WDX1vgBbWk?feature=oembed" frameborder="0" allow="accelerometer; autoplay; clipboard-write; encrypted-media; gyroscope; picture-in-picture; web-share" referrerpolicy="strict-origin-when-cross-origin" allowfullscreen></iframe>

<iframe loading="lazy" title="Der Konflikt zwischen Fleisch &amp; Geist - Teil 05 |  Illustriert anhand des Buches Esther" width="629" height="354" src="https://www.youtube.com/embed/rqzvSgljhWE?feature=oembed" frameborder="0" allow="accelerometer; autoplay; clipboard-write; encrypted-media; gyroscope; picture-in-picture; web-share" referrerpolicy="strict-origin-when-cross-origin" allowfullscreen></iframe>

<iframe loading="lazy" title="Der Konflikt zwischen Fleisch &amp; Geist - Teil 06 |  Illustriert anhand des Buches Esther" width="629" height="354" src="https://www.youtube.com/embed/ItUzhw4uEMY?feature=oembed" frameborder="0" allow="accelerometer; autoplay; clipboard-write; encrypted-media; gyroscope; picture-in-picture; web-share" referrerpolicy="strict-origin-when-cross-origin" allowfullscreen></iframe>

<iframe loading="lazy" title="Der Konflikt zwischen Fleisch &amp; Geist - Teil 07 | Illustriert anhand des Buches Esther" width="629" height="354" src="https://www.youtube.com/embed/U2q4wkFCqPE?feature=oembed" frameborder="0" allow="accelerometer; autoplay; clipboard-write; encrypted-media; gyroscope; picture-in-picture; web-share" referrerpolicy="strict-origin-when-cross-origin" allowfullscreen></iframe>

<iframe loading="lazy" title="Der Konflikt zwischen Fleisch &amp; Geist - Teil 08 |  Illustriert anhand des Buches Esther" width="629" height="354" src="https://www.youtube.com/embed/gKYCIATJY7o?feature=oembed" frameborder="0" allow="accelerometer; autoplay; clipboard-write; encrypted-media; gyroscope; picture-in-picture; web-share" referrerpolicy="strict-origin-when-cross-origin" allowfullscreen></iframe>

<iframe loading="lazy" title="Der Konflikt zwischen Fleisch &amp; Geist - Teil 09 |  Illustriert anhand des Buches Esther" width="629" height="354" src="https://www.youtube.com/embed/DGLLN-IKTDQ?feature=oembed" frameborder="0" allow="accelerometer; autoplay; clipboard-write; encrypted-media; gyroscope; picture-in-picture; web-share" referrerpolicy="strict-origin-when-cross-origin" allowfullscreen></iframe>

<iframe loading="lazy" title="Der Konflikt zwischen Fleisch &amp; Geist - Teil 10 | Illustriert anhand des Buches Esther" width="629" height="354" src="https://www.youtube.com/embed/9D1Z04HbFac?feature=oembed" frameborder="0" allow="accelerometer; autoplay; clipboard-write; encrypted-media; gyroscope; picture-in-picture; web-share" referrerpolicy="strict-origin-when-cross-origin" allowfullscreen></iframe>




<figure class="wp-block-embed is-type-rich is-provider-youtube wp-block-embed-youtube wp-embed-aspect-16-9 wp-has-aspect-ratio">
<div class="wp-block-embed__wrapper"><a href="https://www.youtube.com/watch?v=lWJSKLF8JrA">https://www.youtube.com/watch?v=lWJSKLF8JrA</a></div></figure>



<figure class="wp-block-embed is-type-rich is-provider-youtube wp-block-embed-youtube wp-embed-aspect-16-9 wp-has-aspect-ratio">
<div class="wp-block-embed__wrapper"><a href="https://www.youtube.com/watch?v=tQ31d9JbPqU">https://www.youtube.com/watch?v=tQ31d9JbPqU</a></div></figure>



<figure class="wp-block-embed is-type-rich is-provider-youtube wp-block-embed-youtube wp-embed-aspect-16-9 wp-has-aspect-ratio">
<div class="wp-block-embed__wrapper"><a href="https://www.youtube.com/watch?v=8c9wEz_jiXI">https://www.youtube.com/watch?v=8c9wEz_jiXI</a></div></figure>



<figure class="wp-block-embed is-type-rich is-provider-youtube wp-block-embed-youtube wp-embed-aspect-16-9 wp-has-aspect-ratio">
<div class="wp-block-embed__wrapper"><a href="https://www.youtube.com/watch?v=3WDX1vgBbWk">https://www.youtube.com/watch?v=3WDX1vgBbWk</a></div></figure>



<figure class="wp-block-embed is-type-rich is-provider-youtube wp-block-embed-youtube wp-embed-aspect-16-9 wp-has-aspect-ratio">
<div class="wp-block-embed__wrapper"><a href="https://www.youtube.com/watch?v=rqzvSgljhWE">https://www.youtube.com/watch?v=rqzvSgljhWE</a></div></figure>



<figure class="wp-block-embed is-type-rich is-provider-youtube wp-block-embed-youtube wp-embed-aspect-16-9 wp-has-aspect-ratio">
<div class="wp-block-embed__wrapper"><a href="https://www.youtube.com/watch?v=ItUzhw4uEMY">https://www.youtube.com/watch?v=ItUzhw4uEMY</a></div></figure>



<figure class="wp-block-embed is-type-rich is-provider-youtube wp-block-embed-youtube wp-embed-aspect-16-9 wp-has-aspect-ratio">
<div class="wp-block-embed__wrapper"><a href="https://www.youtube.com/watch?v=U2q4wkFCqPE">https://www.youtube.com/watch?v=U2q4wkFCqPE</a></div></figure>



<figure class="wp-block-embed is-type-rich is-provider-youtube wp-block-embed-youtube wp-embed-aspect-16-9 wp-has-aspect-ratio">
<div class="wp-block-embed__wrapper"><a href="https://www.youtube.com/watch?v=gKYCIATJY7o">https://www.youtube.com/watch?v=gKYCIATJY7o</a></div></figure>



<figure class="wp-block-embed is-type-rich is-provider-youtube wp-block-embed-youtube wp-embed-aspect-16-9 wp-has-aspect-ratio">
<div class="wp-block-embed__wrapper"><a href="https://www.youtube.com/watch?v=DGLLN-IKTDQ">https://www.youtube.com/watch?v=DGLLN-IKTDQ</a></div></figure>



<figure class="wp-block-embed is-type-rich is-provider-youtube wp-block-embed-youtube wp-embed-aspect-16-9 wp-has-aspect-ratio">
<div class="wp-block-embed__wrapper"><a href="https://www.youtube.com/watch?v=9D1Z04HbFac">https://www.youtube.com/watch?v=9D1Z04HbFac</a></div></figure>

<p>Ein humanistisch geprägter deutscher König fordert seinen Hofprediger heraus: Ich würde schon an Gott glauben. Aber man kann ihn nicht sehen. Kannst Du ihn beweisen? Der Pfarrer dachte nach. Er hatte als Morgenlektüre das Buch Esther gelesen: Ja, Majestät. Gott lässt sich beweisen &#8211; durch sein Volk die Juden! Der Name Gottes wird im Buch [&hellip;]</p>
