{"id":591,"date":"2019-12-02T21:25:30","date_gmt":"2019-12-02T21:25:30","guid":{"rendered":"http:\/\/jonathanfischer.de\/?page_id=591"},"modified":"2022-07-09T12:23:14","modified_gmt":"2022-07-09T12:23:14","slug":"ich-sehe-rot","status":"publish","type":"page","link":"https:\/\/jonathanfischer.de\/?page_id=591","title":{"rendered":"Ich sehe rot"},"content":{"rendered":"<p><span style=\"font-family: 'Trebuchet MS', sans-serif; color: #ff0000;\"><span style=\"font-size: large;\"><b>Ich sehe rot<\/b><\/span><\/span><\/p>\n<p><span style=\"font-family: Trebuchet MS, sans-serif;\"><span style=\"font-size: large;\">Ich sehe was, was Du nicht siehst, und das ist rot. Bezogen auf die Tagesschau f\u00e4llt jedem Kind das rote Gewand der Nachrichtensprecherin auf. Besonders bezaubernd war gestern das teure rote Kleid der m\u00e4chtigsten Politikerin Europas. Als T\u00fcpfelchen auf dem i schm\u00fcckte ein eleganter goldener Schal die zierliche Blondine bei Ihrem Auftritt vor dem blauen Grund mit den zw\u00f6lf gelben Pentagrammen.<\/span><\/span><\/p>\n<p><span style=\"font-family: Trebuchet MS, sans-serif;\"><span style=\"font-size: large;\">Was f\u00fcr eine Farbenpracht und Offenbarung.<\/span><\/span><\/p>\n<p><span style=\"font-family: Trebuchet MS, sans-serif;\"><span style=\"font-size: large;\">Ein neues Kapitel aufschlagend gef\u00e4llt mir Ursula von der Leyen als neue EU-Kommisionspr\u00e4sidentin wegen dem gepflegten Englisch ausgesprochen gut. Meine Hochachtung gilt schon immer f\u00fcr die begabte Musikerin, die das Christentum praktiziert, weil sie als Mutter sieben Kinder erzogen hat. Wie flei\u00dfig und gescheit die Streberin ist, hat Sie durch ein Einzerabi und ihre T\u00e4tigkeit als Assistenz\u00e4rztin bewiesen.<\/span><\/span><\/p>\n<p><span style=\"font-family: Trebuchet MS, sans-serif;\"><span style=\"font-size: large;\">Im Vergleich mit anderen machtbesessenen, zur\u00fcckgebliebenen Politikern, will ich der hochintelligenten Ministerin ihren Doktortitel nicht in Zweifel stellen. Meine tr\u00fcgerischen Lobeshymnen kommen mir trotzdem be\u00e4ngstigend vor.<\/span><\/span><\/p>\n<p><span style=\"font-family: 'Trebuchet MS', sans-serif; color: #ff0000;\"><span style=\"font-size: large;\">Warum sehe ich rot?<\/span><\/span><\/p>\n<p><span style=\"font-family: Trebuchet MS, sans-serif;\"><span style=\"font-size: large;\">Die Milliarden ausgebende, ausscheidende Verteidigungsministerin liebt es in <span style=\"color: #ff0000;\">hell-<\/span> oder <span style=\"color: #993366;\">dunkelroten<\/span> Oberkleidern die Vision eines vereinigten Europas voranzubringen. Nicht aus Zufall ist das R\u00f6schen wegen der T\u00e4tigkeit ihres verdienten Vaters f\u00fcr die europ\u00e4ische Gemeinschaft in Belgien aufgewachsen und geboren. Nun kehrt die engelhafte Tr\u00e4umerin zur\u00fcck \u00fcber die Wolken in ein kleines Dach-Appartment des streng bewachten Berlaymont-Geb\u00e4udes. Diese T\u00fcren durchbrechend lassen sich jede Mengen Kosten sparen.<\/span><\/span><\/p>\n<p><span style=\"font-family: Trebuchet MS, sans-serif;\"><span style=\"font-size: large;\">Warum also den Teufel an die Wand malen, mit Schuldenprognosen, Klimaver\u00e4nderungen oder streitenden EU-Kommisaren, die ein eingeschnappter britischer Premierminister sowieso nicht entsenden will.<\/span><\/span><\/p>\n<p><span style=\"font-family: Trebuchet MS, sans-serif;\"><span style=\"font-size: large;\">Bevor ich mir dar\u00fcber den Kopf zerbreche meditiere ich abschlie\u00dfend \u00fcber das 17. Kapitel der Apokalypse.<\/span><\/span><\/p>\n","protected":false},"excerpt":{"rendered":"<p>Ich sehe rot Ich sehe was, was Du nicht siehst, und das ist rot. Bezogen auf die Tagesschau f\u00e4llt jedem Kind das rote Gewand der Nachrichtensprecherin auf. Besonders bezaubernd war gestern das teure rote Kleid der m\u00e4chtigsten Politikerin Europas. Als T\u00fcpfelchen auf dem i schm\u00fcckte ein eleganter goldener Schal die zierliche Blondine bei Ihrem Auftritt [&hellip;]<\/p>\n","protected":false},"author":2,"featured_media":0,"parent":37,"menu_order":66,"comment_status":"open","ping_status":"closed","template":"","meta":{"footnotes":""},"class_list":["post-591","page","type-page","status-publish","hentry"],"_links":{"self":[{"href":"https:\/\/jonathanfischer.de\/index.php?rest_route=\/wp\/v2\/pages\/591","targetHints":{"allow":["GET"]}}],"collection":[{"href":"https:\/\/jonathanfischer.de\/index.php?rest_route=\/wp\/v2\/pages"}],"about":[{"href":"https:\/\/jonathanfischer.de\/index.php?rest_route=\/wp\/v2\/types\/page"}],"author":[{"embeddable":true,"href":"https:\/\/jonathanfischer.de\/index.php?rest_route=\/wp\/v2\/users\/2"}],"replies":[{"embeddable":true,"href":"https:\/\/jonathanfischer.de\/index.php?rest_route=%2Fwp%2Fv2%2Fcomments&post=591"}],"version-history":[{"count":8,"href":"https:\/\/jonathanfischer.de\/index.php?rest_route=\/wp\/v2\/pages\/591\/revisions"}],"predecessor-version":[{"id":600,"href":"https:\/\/jonathanfischer.de\/index.php?rest_route=\/wp\/v2\/pages\/591\/revisions\/600"}],"up":[{"embeddable":true,"href":"https:\/\/jonathanfischer.de\/index.php?rest_route=\/wp\/v2\/pages\/37"}],"wp:attachment":[{"href":"https:\/\/jonathanfischer.de\/index.php?rest_route=%2Fwp%2Fv2%2Fmedia&parent=591"}],"curies":[{"name":"wp","href":"https:\/\/api.w.org\/{rel}","templated":true}]}}

<p><span style="font-family: 'Trebuchet MS', sans-serif; color: #ff0000;"><span style="font-size: large;"><b>Ich sehe rot</b></span></span></p>
<p><span style="font-family: Trebuchet MS, sans-serif;"><span style="font-size: large;">Ich sehe was, was Du nicht siehst, und das ist rot. Bezogen auf die Tagesschau fällt jedem Kind das rote Gewand der Nachrichtensprecherin auf. Besonders bezaubernd war gestern das teure rote Kleid der mächtigsten Politikerin Europas. Als Tüpfelchen auf dem i schmückte ein eleganter goldener Schal die zierliche Blondine bei Ihrem Auftritt vor dem blauen Grund mit den zwölf gelben Pentagrammen.</span></span></p>
<p><span style="font-family: Trebuchet MS, sans-serif;"><span style="font-size: large;">Was für eine Farbenpracht und Offenbarung.</span></span></p>
<p><span style="font-family: Trebuchet MS, sans-serif;"><span style="font-size: large;">Ein neues Kapitel aufschlagend gefällt mir Ursula von der Leyen als neue EU-Kommisionspräsidentin wegen dem gepflegten Englisch ausgesprochen gut. Meine Hochachtung gilt schon immer für die begabte Musikerin, die das Christentum praktiziert, weil sie als Mutter sieben Kinder erzogen hat. Wie fleißig und gescheit die Streberin ist, hat Sie durch ein Einzerabi und ihre Tätigkeit als Assistenzärztin bewiesen.</span></span></p>
<p><span style="font-family: Trebuchet MS, sans-serif;"><span style="font-size: large;">Im Vergleich mit anderen machtbesessenen, zurückgebliebenen Politikern, will ich der hochintelligenten Ministerin ihren Doktortitel nicht in Zweifel stellen. Meine trügerischen Lobeshymnen kommen mir trotzdem beängstigend vor.</span></span></p>
<p><span style="font-family: 'Trebuchet MS', sans-serif; color: #ff0000;"><span style="font-size: large;">Warum sehe ich rot?</span></span></p>
<p><span style="font-family: Trebuchet MS, sans-serif;"><span style="font-size: large;">Die Milliarden ausgebende, ausscheidende Verteidigungsministerin liebt es in <span style="color: #ff0000;">hell-</span> oder <span style="color: #993366;">dunkelroten</span> Oberkleidern die Vision eines vereinigten Europas voranzubringen. Nicht aus Zufall ist das Röschen wegen der Tätigkeit ihres verdienten Vaters für die europäische Gemeinschaft in Belgien aufgewachsen und geboren. Nun kehrt die engelhafte Träumerin zurück über die Wolken in ein kleines Dach-Appartment des streng bewachten Berlaymont-Gebäudes. Diese Türen durchbrechend lassen sich jede Mengen Kosten sparen.</span></span></p>
<p><span style="font-family: Trebuchet MS, sans-serif;"><span style="font-size: large;">Warum also den Teufel an die Wand malen, mit Schuldenprognosen, Klimaveränderungen oder streitenden EU-Kommisaren, die ein eingeschnappter britischer Premierminister sowieso nicht entsenden will.</span></span></p>
<p><span style="font-family: Trebuchet MS, sans-serif;"><span style="font-size: large;">Bevor ich mir darüber den Kopf zerbreche meditiere ich abschließend über das 17. Kapitel der Apokalypse.</span></span></p>

<p>Ich sehe rot Ich sehe was, was Du nicht siehst, und das ist rot. Bezogen auf die Tagesschau fällt jedem Kind das rote Gewand der Nachrichtensprecherin auf. Besonders bezaubernd war gestern das teure rote Kleid der mächtigsten Politikerin Europas. Als Tüpfelchen auf dem i schmückte ein eleganter goldener Schal die zierliche Blondine bei Ihrem Auftritt [&hellip;]</p>
