{"id":399,"date":"2019-08-15T15:06:58","date_gmt":"2019-08-15T15:06:58","guid":{"rendered":"http:\/\/jonathanfischer.de\/?page_id=399"},"modified":"2022-07-09T12:22:49","modified_gmt":"2022-07-09T12:22:49","slug":"399-2","status":"publish","type":"page","link":"https:\/\/jonathanfischer.de\/?page_id=399","title":{"rendered":"Geld, Macht, Sex"},"content":{"rendered":"<p><span style=\"font-family: 'Trebuchet MS', sans-serif;\"><span style=\"font-size: large;\"><b>Geld, Macht, Sex<\/b><\/span><\/span><\/p>\n<p><span style=\"font-family: 'Trebuchet MS', sans-serif;\"><span style=\"font-size: large;\">Es liegt in der Natur der Menschen nach Geld, Macht und Sex zu streben. Kein Wunder, dass in meinem uralten Lieblingsbuch das Problem ebenso wie in der neuen Spiegel-Ausgabe thematisiert wird:<\/span><\/span><\/p>\n<p><span style=\"font-family: 'Trebuchet MS', sans-serif;\"><span style=\"font-size: large;\"><a href=\"https:\/\/www.spiegel.de\/panorama\/justiz\/jeffrey-epstein-us-justiz-ermittelt-gegen-moegliche-komplizen-geld-macht-sex-a-1281982.html\">https:\/\/www.spiegel.de\/panorama\/justiz\/jeffrey-epstein-us-justiz-ermittelt-gegen-moegliche-komplizen-geld-macht-sex-a-1281982.html<\/a><\/span><\/span><\/p>\n<p><span style=\"font-family: 'Trebuchet MS', sans-serif;\"><span style=\"font-size: large;\">Die Bibel und Lehrmeister Jeshua betonen immer wieder die Folgen der S\u00fcnde z.B. im Bezug auf Machthaber, die ohne h\u00f6here Werte und Ma\u00dfst\u00e4be Ihren W\u00fcnschen und Trieben nachgeben. Der Lauf der Geschichte zeigt dominante Alpha-Tiere auf, die es verstanden ihren Willen durchzusetzen, mit der Folge ihren Mitmenschen zu schaden und L\u00e4nder zu zerst\u00f6ren.<\/span><\/span><\/p>\n<p><span style=\"font-family: 'Trebuchet MS', sans-serif;\"><span style=\"font-size: large;\">Im Bezug auf Kindesmissbrauch lehnt sich gerade Donald Trump besonders weit aus dem Fenster. Wer im Glashaus sitzt soll nicht mit Steinen werfen. Bereits zu Wahlkampfzeiten inszenierte der heuchlerische Stimmenf\u00e4nger im Fernsehen gegen seine Gegner Vorw\u00fcrfe des sexuellen Missbrauchs und der Vergewaltigung. Nun verbreitet der scheinheilige Twitter User \u00fcber seinen Amtsvorg\u00e4nger Clinton weiter, in den Sexring von Jeffrey Epstein verwickelt gewesen zu sein. \u00dcberdies m\u00f6chte der Pharis\u00e4er die Leviten lesend wissen, warum Ex-Pr\u00e4sident Bill Urlaub auf der privaten Insel des Multimillion\u00e4rs gemacht und \u00fcber die Anzahl der Fl\u00fcge in Epsteins privaten Flugzeug gelogen hat. <\/span><\/span><\/p>\n<p><span style=\"font-family: 'Trebuchet MS', sans-serif;\"><span style=\"font-size: large;\">Es kann durchaus sein, dass heimliche Videomitschnitte in der Zukunft mehr Licht ins Dunkel bringen, was auch immer der verstummte Epstein oder ein Geheimdienst in einem Notizbuch oder sonst wo aufgezeichnet haben. Heute halten Twitter und andere Internetquellen die Falschaussagen und Verfehlungen des reichsten US-Pr\u00e4sidenten fest, der z.B. laut Pressemitschnitt von Washington Post 2005 folgenderma\u00dfen vor Billy Bush (Access Holywood) prahlte:<\/span><\/span><\/p>\n<p><span style=\"font-family: 'Trebuchet MS', sans-serif;\"><span style=\"font-size: large;\"><a href=\"https:\/\/www.youtube.com\/watch?v=WhsSzIS84ks\">https:\/\/www.youtube.com\/watch?v=WhsSzIS84ks<\/a> <\/span><\/span><\/p>\n<p><span style=\"font-family: 'Trebuchet MS', sans-serif;\"><span style=\"font-size: large;\">So, so als reiche Ber\u00fchmtheit kann man also alles machen. Ehebruch ist in der heutigen Gesellschaft sowieso kein Delikt mehr, aber fremden Frauen an die Br\u00fcste oder in den Schritt zu fassen schon. Interessanter weise sagte Exfrau Ivana vor Gericht aus, dass ihr ver\u00e4rgerte Gatte sie wegen eines schlechten Ratschlags an den Haaren gezogen und anschlie\u00dfend vergewaltigt hat. Scheidung tut weh, aber Geld macht gl\u00fccklich. B<span style=\"font-family: Trebuchet MS, sans-serif;\">estechungsgelder haben Frauen oft zum Schweigen gebracht und j\u00fcngst den f\u00fcr den Rassist, Hochstapler und Betr\u00fcger zust\u00e4ndigen Anwalt Cohen ins Gef\u00e4ngnis<\/span>, wenn ich an den Ex-Pornostar Stormy Daniels oder Playmate Karen McDougal und die folgenden Enth\u00fcllungen denke.<\/span><\/span><\/p>\n<p><span style=\"font-family: 'Trebuchet MS', sans-serif;\"><span style=\"font-size: large;\">Den Worten einer bezahlten Prostituierten \u00fcber einvernehmlichen Sex sollte man prinzipiell weniger Glauben, als einem m\u00f6glichen Vergewaltigungsopfer schenken. Hexenjagden gegen den Immunit\u00e4t genie\u00dfenden US-Pr\u00e4sident sind unter den treuen, oft christlich gepr\u00e4gten W\u00e4hlern ohnehin verp\u00f6hnt. Der Popularit\u00e4t schadeten auch nicht die verzweifelten Bezeugungen von bedr\u00e4ngten weiblichen Sexobjekten, in deren K\u00f6rper\u00f6ffnungen versucht wurde Zunge, Finger oder sonstige K\u00f6rperteile zu stecken. Und zwar in unbeobachteten Momenten in Aufz\u00fcgen, Umkleidekabinen oder Flugzeugen. Die zahlreichen MeToo-Berichte blieben folgenlos, indem sie selbstverst\u00e4ndlich dementiert wurden:<\/span><\/span><\/p>\n<p><span style=\"font-family: 'Trebuchet MS', sans-serif;\"><span style=\"font-size: large;\"><a href=\"https:\/\/www.sueddeutsche.de\/panorama\/sexuelle-uebergriffe-trump-war-wie-ein-oktopus-seine-haende-waren-ueberall-1.3794819\">https:\/\/www.sueddeutsche.de\/panorama\/sexuelle-uebergriffe-trump-war-wie-ein-oktopus-seine-haende-waren-ueberall-1.3794819<\/a> <\/span><\/span><\/p>\n<p><span style=\"font-family: 'Trebuchet MS', sans-serif;\"><span style=\"font-size: large;\">MeFirst-Pr\u00e4sident Trump dementierte auch \u00fcberhaupt mit dem Orgien feiernden, Kindersexring betreibenden Epstein befreundet gewesen zu sein. Im New York Magazine verriet er dennoch 2002: &#8222;Es macht viel Spa\u00df, mit ihm zusammen zu sein. Es wird sogar gesagt, dass er sch\u00f6ne Frauen genauso mag wie ich, und viele von ihnen sind auf der j\u00fcngeren Seite. Kein Zweifel &#8211; Jeffrey genie\u00dft sein soziales Leben.&#8220;<\/span><\/span><\/p>\n<p><span style=\"font-family: 'Trebuchet MS', sans-serif;\"><span style=\"font-size: large;\">Irgendwann zerbrach die Freundschaft wohl tats\u00e4chlich zwischen den stinkreichen Gesinnungsbr\u00fcdern. Man munkelt wegen einer Immobilie oder Jungfrau die Trump Nachbar Epstein vor der Nase weggeschnappt haben soll.<\/span><\/span><\/p>\n<p><span style=\"font-family: 'Trebuchet MS', sans-serif;\"><span style=\"font-size: large;\">Unumstritten ist, dass beide fortgebildete Juroren als Doppelspitze verantwortlich f\u00fcr die Auszeichnung von jungen Bademodensch\u00f6nheiten waren. Bei solchen Unterw\u00e4schevorf\u00fchrungen irritiert mich weniger ein Sex s\u00fcchtiger Chef, der die Umkleidekabinen von Minderj\u00e4hrigen betritt, als ein anderes Geheimnis. Es ist die Verf\u00fchrung durch halbnackte Sch\u00f6nheiten in schwarz-wei\u00dfen Engelskost\u00fcmen, wie bei Victoria\u2018s Secret, in der ich eine Gottesl\u00e4sterung oder einen d\u00e4monischen Jux sehe. Ironischerweise k\u00f6nnte Donald Trump sein slowenisches Model Melania Knavs durch den j\u00fcdischen Agenten Jeffrey Epstein oder dessen britische Gehilfin Ghislaine Maxwell kennengelernt haben, wie ein gemeinsames Umarmungsbild vermuten l\u00e4sst. Als ganz Gro\u00dfer prahlt Trump jedenfalls gerne vor der Welt\u00f6ffentlichkeit \u00fcber seine internationalen Sch\u00f6nheitswettbewerbe, so in einem seiner peinlichen Auftritte:<\/span><\/span><\/p>\n<p><span style=\"font-family: 'Trebuchet MS', sans-serif;\"><span style=\"font-size: large;\"><a href=\"https:\/\/www.fr.de\/politik\/donald-trump-wegen-miss-universe-beste-puerto-rico-zr-12274253.html\">https:\/\/www.fr.de\/politik\/donald-trump-wegen-miss-universe-beste-puerto-rico-zr-12274253.html<\/a><\/span><\/span><\/p>\n<p><span style=\"font-family: 'Trebuchet MS', sans-serif;\"><span style=\"font-size: large;\">Der erfolgreiche America-first-and-make-great Unternehmer hat das Wei\u00dfe Haus zu einem Familienbetrieb umfunktioniert und d\u00fcpiert ausl\u00e4ndische Staats- und Regierungschefs wiederholt mit seiner Sch\u00f6nheitsk\u00f6nigin Ivanka. Die nicht vom Volk, sondern vom Showmaster ausgew\u00e4hlte Apprentice (Auszubildende), soll als First-Daughter eine bedeutende Rolle auf internationalem Parkett spielen, indem sie sich in wichtige Gespr\u00e4che und Verhandlungen einmischt. Bei ihrem letzten G20 Gipfel in Fernost stie\u00df die Pr\u00e4sidenten-Assistentin zwar auf verdutzte Blicke und bekam die kalte Schulter gezeigt.\u00a0Stattdessen k\u00f6nnte Donald die Ann\u00e4herungsversuche der attraktiven Blondine bei Kim Jung-Un in Nordkorea einsetzen. Der Schurkenfreund sucht bekanntlich junge, besonders sch\u00f6ne Damen f\u00fcr seine Vergn\u00fcgungstruppe. Oder hat das Staats- und Familienoberhaupt durch seine Geheimdienstinformationen Bedenken, die Tochter k\u00f6nnte die Reisestrapazen wie Otto Warmbier nicht \u00fcberleben?<\/span><\/span><\/p>\n<p><span style=\"font-family: 'Trebuchet MS', sans-serif;\"><span style=\"font-size: large;\">Sicher hat auch Schwiegersohn Jared Kushner als Chefberater und Strippenzieher ein gewichtiges Wort mitzureden. Auff\u00e4llig auf politischer Ebene ist, wie sich im Wei\u00dfen Haus die Machtverh\u00e4ltnisse ge\u00e4ndert haben. Der nicht nur Rekorde mit Unwahrheiten und unfl\u00e4tigen Worten aufstellende impulsive Pr\u00e4sident musste so viele Spitzenmitarbeiter wie noch nie zuvor in k\u00fcrzester Zeit austauschen. Sie sind gegangen oder gegangen worden. Vielleicht wussten sie zuviel und waren einfach nicht mehr so n\u00fctzlich wie zu Wahlkampfzeiten. Ich meine der keine Konkurrenz duldende cholerische Chef-Blender kann keine Kritik vertragen und h\u00e4lt sich selbst f\u00fcr die wichtigste Person in der Welt. Das kommt mir aus meinen anderen Beitr\u00e4gen irgendwie bekannt vor.<\/span><\/span><\/p>\n<p><span style=\"font-family: 'Trebuchet MS', sans-serif;\"><span style=\"font-size: large;\"><a href=\"https:\/\/www.narzissmus-bindungsangst.de\/trump-leidet-an-malignem-narzissmus-endlich-ist-es-offiziell\/\">https:\/\/www.narzissmus-bindungsangst.de\/trump-leidet-an-malignem-narzissmus-endlich-ist-es-offiziell\/<\/a><\/span><\/span><\/p>\n<p><span style=\"font-family: 'Trebuchet MS', sans-serif;\"><span style=\"font-size: large;\">Es kann gef\u00e4hrlich werden, denn von wahnsinnigen Psychopathen an den Hebeln der Macht geht nicht nur eine Bedrohung f\u00fcr M\u00e4dchen, sondern eine Gefahr f\u00fcr die ganze Menschheit aus. Beispiele von mordenden, gefallenen Diktatoren, die auch in Sex-Eskapaden verwickelt waren, gibt es genug. Im Altertum waren die Herrscher am grausamsten, die zur Erhaltung der Macht ihre Familie ausl\u00f6schten. Neuzeitlich hat sich diesbez\u00fcglich nicht viel ge\u00e4ndert, au\u00dfer dass von sehr stabilen genialen Menschen damit geprahlt wird, wer den gr\u00f6\u00dferen Atomknopf hat. Bei weiteren Raketentests und ins Stocken geratenen gro\u00dfartigen Friedensgespr\u00e4chen werden nach Wutausbr\u00fcchen bestialische Details \u00fcber die Mordmethoden des neuen besten Freundes preisgegeben&#8230;<\/span><\/span><\/p>\n<p><span style=\"font-family: 'Trebuchet MS', sans-serif;\"><span style=\"font-size: large;\">Ich schlie\u00dfe nach dem Massaker in El Paso mit der letzten Medien Manipulation, die in einer Emp\u00f6rung \u00fcber den Finger hebenden Donald Trump endete. Der Mauer errichtende Freund der Hispanics und erkl\u00e4rte Waffenfeind von Schie\u00dfspielen posiert neben seiner First-Lady mit einem heroisch von den Kugeln geretteten Waisenkind, da sich sonst kein anderes Opfer fand bzw. mit aufs Bild wollte.<\/span><\/span><\/p>\n<p><span style=\"font-family: 'Trebuchet MS', sans-serif;\"><span style=\"font-size: large;\"><a href=\"https:\/\/www.msn.com\/de-de\/news\/politik\/trump-posiert-mit-baby-das-in-el-paso-zum-waisen-geworden-ist-e2-80-94-die-geschichte-dahinter-sorgt-f-c3-bcr-emp-c3-b6rung\/ar-AAFzUdO\">https:\/\/www.msn.com\/de-de\/news\/politik\/trump-posiert-mit-baby-das-in-el-paso-zum-waisen-geworden-ist-e2-80-94-die-geschichte-dahinter-sorgt-f-c3-bcr-emp-c3-b6rung\/ar-AAFzUdO<\/a><\/span><\/span><\/p>\n","protected":false},"excerpt":{"rendered":"<p>Geld, Macht, Sex Es liegt in der Natur der Menschen nach Geld, Macht und Sex zu streben. Kein Wunder, dass in meinem uralten Lieblingsbuch das Problem ebenso wie in der neuen Spiegel-Ausgabe thematisiert wird: https:\/\/www.spiegel.de\/panorama\/justiz\/jeffrey-epstein-us-justiz-ermittelt-gegen-moegliche-komplizen-geld-macht-sex-a-1281982.html Die Bibel und Lehrmeister Jeshua betonen immer wieder die Folgen der S\u00fcnde z.B. im Bezug auf Machthaber, die ohne h\u00f6here [&hellip;]<\/p>\n","protected":false},"author":2,"featured_media":0,"parent":37,"menu_order":69,"comment_status":"open","ping_status":"closed","template":"","meta":{"footnotes":""},"class_list":["post-399","page","type-page","status-publish","hentry"],"_links":{"self":[{"href":"https:\/\/jonathanfischer.de\/index.php?rest_route=\/wp\/v2\/pages\/399","targetHints":{"allow":["GET"]}}],"collection":[{"href":"https:\/\/jonathanfischer.de\/index.php?rest_route=\/wp\/v2\/pages"}],"about":[{"href":"https:\/\/jonathanfischer.de\/index.php?rest_route=\/wp\/v2\/types\/page"}],"author":[{"embeddable":true,"href":"https:\/\/jonathanfischer.de\/index.php?rest_route=\/wp\/v2\/users\/2"}],"replies":[{"embeddable":true,"href":"https:\/\/jonathanfischer.de\/index.php?rest_route=%2Fwp%2Fv2%2Fcomments&post=399"}],"version-history":[{"count":51,"href":"https:\/\/jonathanfischer.de\/index.php?rest_route=\/wp\/v2\/pages\/399\/revisions"}],"predecessor-version":[{"id":452,"href":"https:\/\/jonathanfischer.de\/index.php?rest_route=\/wp\/v2\/pages\/399\/revisions\/452"}],"up":[{"embeddable":true,"href":"https:\/\/jonathanfischer.de\/index.php?rest_route=\/wp\/v2\/pages\/37"}],"wp:attachment":[{"href":"https:\/\/jonathanfischer.de\/index.php?rest_route=%2Fwp%2Fv2%2Fmedia&parent=399"}],"curies":[{"name":"wp","href":"https:\/\/api.w.org\/{rel}","templated":true}]}}