{"id":1507,"date":"2022-08-10T21:46:37","date_gmt":"2022-08-10T21:46:37","guid":{"rendered":"http:\/\/jonathanfischer.de\/?page_id=1507"},"modified":"2022-08-10T21:47:07","modified_gmt":"2022-08-10T21:47:07","slug":"die-drei-johannesbriefe","status":"publish","type":"page","link":"https:\/\/jonathanfischer.de\/?page_id=1507","title":{"rendered":"Die drei Johannesbriefe"},"content":{"rendered":"\r\n<figure class=\"wp-block-audio\"><audio controls src=\"https:\/\/matthiasruf.files.wordpress.com\/2022\/08\/johannesbriefe.mp3\"><\/audio><figcaption class=\"wp-element-caption\">Die drei Briefe des Johannes<\/figcaption><\/figure>\r\n\r\n\r\n\r\n<p><strong>1. Johannesbrief<\/strong><\/p>\r\n\r\n\r\n\r\n<p>1. Kapitel<\/p>\r\n\r\n\r\n\r\n<p>1&nbsp;Was von Anfang war, was wir geh\u00f6rt haben, was wir mit unseren Augen gesehen haben, was wir angeschaut und was unsere H\u00e4nde betastet haben vom Wort des Lebens,<br>2&nbsp;und das Leben ist offenbart worden, und wir haben gesehen und bezeugen und verk\u00fcndigen euch das ewige Leben, das bei dem Vater war und uns offenbart worden ist,<br>3&nbsp;was wir gesehen und geh\u00f6rt haben, das verk\u00fcndigen wir euch, damit auch ihr Gemeinschaft mit uns habt; und unsere Gemeinschaft ist mit dem Vater und mit seinem Sohn Jesus Christus.<br>4&nbsp;Und dies schreiben wir euch, damit eure Freude vollkommen sei.<br>5&nbsp;Und das ist die Botschaft, die wir von ihm geh\u00f6rt haben und euch verk\u00fcndigen, dass Gott Licht ist und in ihm ist keine Finsternis.<br>6&nbsp;Wenn wir sagen, dass wir Gemeinschaft mit ihm haben, und wandeln doch in der Finsternis, so l\u00fcgen wir und tun nicht die Wahrheit.<br>7&nbsp;Wenn wir aber im Licht wandeln, wie er im Licht ist, so haben wir Gemeinschaft miteinander, und das Blut Jesu Christi, seines Sohnes, reinigt uns von jeder S\u00fcnde.<br>8&nbsp;Wenn wir sagen, dass wir keine S\u00fcnde haben, so betr\u00fcgen wir uns selbst, und die Wahrheit ist nicht in uns.<br>9&nbsp;Wenn wir aber unsere S\u00fcnden bekennen, so ist er treu und gerecht, dass er uns die S\u00fcnden vergibt und uns reinigt von jeder Ungerechtigkeit.<br>10&nbsp;Wenn wir sagen, dass wir nicht ges\u00fcndigt haben, machen wir ihn zum L\u00fcgner, und sein Wort ist nicht in uns.<\/p>\r\n\r\n\r\n\r\n<p>2. Kapitel<\/p>\r\n\r\n\r\n\r\n<p>1&nbsp;Meine Kinder, dies schreibe ich euch, damit ihr nicht s\u00fcndigt. Und wenn jemand s\u00fcndigt, so haben wir einen F\u00fcrsprecher bei dem Vater, Jesus Christus, den Gerechten;<br>2&nbsp;und er ist die S\u00fchnung f\u00fcr unsere S\u00fcnden, nicht allein nur f\u00fcr die unseren, sondern auch f\u00fcr die der ganzen Welt.<br>3&nbsp;Und daran erkennen wir, dass wir ihn erkannt haben, wenn wir seine Gebote halten.<br>4&nbsp;Wer sagt: Ich habe ihn erkannt, und h\u00e4lt seine Gebote nicht, der ist ein L\u00fcgner, und in dem ist die Wahrheit nicht.<br>5&nbsp;Wer aber sein Wort h\u00e4lt, in dem ist wahrhaftig die Liebe Gottes vollkommen geworden. Daran erkennen wir, dass wir in ihm sind.<br>6&nbsp;Wer sagt, dass er in ihm bleibt, der ist verpflichtet, auch selbst so zu wandeln, wie er gewandelt ist.<br>7&nbsp;Br\u00fcder, ich schreibe euch nicht ein neues Gebot, sondern ein altes Gebot, das ihr von Anfang an hattet. Das alte Gebot ist das Wort, das ihr von Anfang an geh\u00f6rt habt.<br>8&nbsp;Und doch schreibe ich euch ein neues Gebot, das wahr ist in ihm und in euch; denn die Finsternis vergeht, und das wahre Licht scheint schon.<br>9&nbsp;Wer sagt, dass er im Licht ist, und hasst seinen Bruder, der ist noch in der Finsternis.<br>10&nbsp;Wer seinen Bruder liebt, der bleibt im Licht, und nichts Anst\u00f6\u00dfiges ist in ihm;<br>11&nbsp;wer aber seinen Bruder hasst, der ist in der Finsternis und wandelt in der Finsternis und wei\u00df nicht, wohin er geht, weil die Finsternis seine Augen verblendet hat.<br>12&nbsp;Ich schreibe euch, Kinder, weil euch die S\u00fcnden vergeben sind um seines Namens willen.<br>13&nbsp;Ich schreibe euch, V\u00e4ter, weil ihr den erkannt habt, der von Anfang an ist. Ich schreibe euch, jungen M\u00e4nnern, weil ihr den B\u00f6sen \u00fcberwunden habt. Ich schreibe euch, Kinder, weil ihr den Vater erkannt habt.<br>14&nbsp;Ich habe euch geschrieben, ihr V\u00e4ter, weil ihr den erkannt habt, der von Anfang an ist. Ich habe euch geschrieben, ihr jungen M\u00e4nner, weil ihr stark seid und das Wort Gottes in euch bleibt und ihr den B\u00f6sen \u00fcberwunden habt.<br>15&nbsp;Habt nicht lieb die Welt, noch was in der Welt ist. Wenn jemand die Welt lieb hat, so ist die Liebe des Vaters nicht in ihm.<br>16&nbsp;Denn alles, was in der Welt ist, die Fleischeslust, die Augenlust und der Hochmut des Lebens, ist nicht von dem Vater, sondern von der Welt.<br>17&nbsp;Und die Welt vergeht und ihre Begierde; wer aber den Willen Gottes tut, der bleibt in Ewigkeit.<br>18&nbsp;Kinder, es ist die letzte Stunde. Und wie ihr geh\u00f6rt habt, dass der Antichrist kommt, so sind jetzt viele Antichristen aufgetreten; daran erkennen wir, dass es die letzte Stunde ist.<br>19&nbsp;Sie sind von uns ausgegangen, aber sie waren nicht von uns; denn wenn sie von uns gewesen w\u00e4ren, so w\u00e4ren sie bei uns geblieben. Aber es sollte offenbar werden, dass sie nicht alle von uns sind.<br>20&nbsp;Und ihr habt die Salbung von dem Heiligen und habt alle das Wissen.<br>21&nbsp;Ich habe euch nicht geschrieben, als ob ihr die Wahrheit nicht kennen w\u00fcrdet, sondern weil ihr sie kennt und weil keine L\u00fcge aus der Wahrheit ist.<br>22&nbsp;Wer ist der L\u00fcgner, wenn nicht der, welcher leugnet, dass Jesus der Christus ist? Das ist der Antichrist, der den Vater und den Sohn leugnet.<br>23&nbsp;Wer den Sohn leugnet, der hat auch den Vater nicht. Wer den Sohn bekennt, der hat auch den Vater.<br>24&nbsp;Was ihr nun von Anfang an geh\u00f6rt habt, das bleibe in euch. Wenn in euch bleibt, was ihr von Anfang an geh\u00f6rt habt, so werdet auch ihr in dem Sohn und in dem Vater bleiben.<br>25&nbsp;Und das ist die Verhei\u00dfung, die er uns verhei\u00dfen hat: das ewige Leben.<br>26&nbsp;Dies habe ich euch geschrieben von denen, die euch verf\u00fchren.<br>27&nbsp;Und die Salbung, die ihr von ihm empfangen habt, bleibt in euch, und ihr habt es nicht n\u00f6tig, dass euch jemand lehrt; sondern wie euch die Salbung selbst \u00fcber alles belehrt, ist es wahr und keine L\u00fcge; und so wie sie euch belehrt hat, werdet ihr in ihm bleiben.<br>28&nbsp;Und nun, Kinder, bleibt in ihm, damit wir Freim\u00fctigkeit haben, wenn er offenbart wird, und uns nicht sch\u00e4men m\u00fcssen vor ihm bei seiner Wiederkunft.<br>29&nbsp;Wenn ihr wisst, dass er gerecht ist, so erkennt auch, dass jeder, der die Gerechtigkeit tut, aus ihm geboren ist.<\/p>\r\n\r\n\r\n\r\n<p>3. Kapitel<\/p>\r\n\r\n\r\n\r\n<p>1&nbsp;Seht, welch eine Liebe hat uns der Vater erwiesen, dass wir Kinder Gottes hei\u00dfen sollen. Darum erkennt uns die Welt nicht, weil sie ihn nicht erkannt hat.<br>2&nbsp;Geliebte, jetzt sind wir Kinder Gottes, und es ist noch nicht offenbar geworden, was wir sein werden; aber wir wissen, dass wir ihm gleich sein werden, wenn er offenbar werden wird; denn wir werden ihn sehen, wie er ist.<br>3&nbsp;Und jeder, der diese Hoffnung auf ihn hat, reinigt sich selbst, gleichwie auch er rein ist.<br>4&nbsp;Jeder, der die S\u00fcnde tut, der tut auch die Gesetzlosigkeit; und die S\u00fcnde ist die Gesetzlosigkeit.<br>5&nbsp;Und ihr wisst, dass er erschienen ist, um unsere S\u00fcnden hinwegzunehmen; und in ihm ist keine S\u00fcnde.<br>6&nbsp;Wer in ihm bleibt, der s\u00fcndigt nicht; wer s\u00fcndigt, der hat ihn nicht gesehen noch erkannt.<br>7&nbsp;Kinder, lasst euch von niemand verf\u00fchren. Wer die Gerechtigkeit \u00fcbt, der ist gerecht, gleichwie er gerecht ist.<br>8&nbsp;Wer die S\u00fcnde tut, ist aus dem Teufel; denn der Teufel s\u00fcndigt von Anfang an. Dazu ist der Sohn Gottes erschienen, dass er die Werke des Teufels zerst\u00f6re.<br>9&nbsp;Jeder, der aus Gott geboren ist, tut nicht S\u00fcnde; denn sein Same bleibt in ihm, und er kann nich t s\u00fcndigen, weil er aus Gott geboren ist.<br>10&nbsp;Daran sind die Kinder Gottes und die Kinder des Teufels offenbar: Jeder, der nicht Gerechtigkeit \u00fcbt, ist nicht aus Gott, und wer seinen Bruder nicht liebt.<br>11&nbsp;Denn das ist die Botschaft, die ihr von Anfang an geh\u00f6rt habt, dass wir einander lieben sollen;<br>12&nbsp;nicht wie Kain, der aus dem B\u00f6sen war und seinen Bruder erschlug. Und warum erschlug er ihn? Weil seine Werke b\u00f6se waren, die seines Bruders aber gerecht.<br>13&nbsp;Wundert euch nicht, meine Br\u00fcder, wenn die Welt euch hasst.<br>14&nbsp;Wir wissen, dass wir aus dem Tod zum Leben gelangt sind, weil wir die Br\u00fcder lieben. Wer seinen Bruder nicht liebt, bleibt im Tod.<br>15&nbsp;Jeder, der seinen Bruder hasst, ist ein M\u00f6rder; und ihr wisst, dass kein M\u00f6rder ewiges Leben bleibend in sich hat.<br>16&nbsp;Daran haben wir die Liebe erkannt, dass er sein Leben f\u00fcr uns hingegeben hat; auch wir sind schuldig, f\u00fcr die Br\u00fcder das Leben hinzugeben.<br>17&nbsp;Wer aber die G\u00fcter dieser Welt hat und seinen Bruder Not leiden sieht und sein Herz vor ihm verschlie\u00dft, wie bleibt die Liebe Gottes in ihm?<br>18&nbsp;Meine Kinder, lasst uns nicht mit Worten lieben noch mit der Zunge, sondern in Tat und Wahrheit.<br>19&nbsp;Daran erkennen wir, dass wir aus der Wahrheit sind, und wir werden vor ihm unsere Herzen zur Ruhe bringen,<br>20&nbsp;dass, wenn unser Herz uns verurteilt, Gott gr\u00f6\u00dfer ist als unser Herz und alles wei\u00df.<br>21&nbsp;Geliebte, wenn unser Herz uns nicht verurteilt, dann haben wir Freim\u00fctigkeit zu Gott;<br>22&nbsp;und was immer wir bitten, das empfangen wir von ihm, weil wir seine Gebote halten und tun, was vor ihm wohlgef\u00e4llig ist.<br>23&nbsp;Und das ist sein Gebot, dass wir glauben an den Namen seines Sohnes Jesus Christus und einander lieben, wie er es uns als Gebot gegeben hat.<br>24&nbsp;Und wer seine Gebote h\u00e4lt, der bleibt in ihm und er in ihm; und daran erkennen wir, dass er in uns bleibt: an dem Geist, den er uns gegeben hat.<\/p>\r\n\r\n\r\n\r\n<p>4. Kapitel<\/p>\r\n\r\n\r\n\r\n<p>1&nbsp;Geliebte, glaubt nicht jedem Geist, sondern pr\u00fcft die Geister, ob sie aus Gott sind. Denn viele falsche Propheten sind in die Welt hinausgegangen.<br>2&nbsp;Daran erkennt ihr den Geist Gottes: Jeder Geist, der bekennt, dass Jesus Christus im Fleisch gekommen ist, der ist aus Gott;<br>3&nbsp;und jeder Geist, der nicht bekennt, dass Jesus Christus im Fleisch gekommen ist, der ist nicht aus Gott. Und das ist der Geist des Antichrists, von dem ihr geh\u00f6rt habt, dass er kommt; und jetzt schon ist er in der Welt.<br>4&nbsp;Kinder, ihr seid aus Gott und habt jene \u00fcberwunden, denn der, der in euch ist, ist gr\u00f6\u00dfer als der, der in der Welt ist.<br>5&nbsp;Sie sind aus der Welt; darum reden sie, wie die Welt redet, und die Welt h\u00f6rt auf sie.<br>6&nbsp;Wir sind aus Gott. Wer Gott erkennt, h\u00f6rt uns; wer nicht aus Gott ist, h\u00f6rt uns nicht. Daran erkennen wir den Geist der Wahrheit und den Geist des Irrtums.<br>7&nbsp;Geliebte, lasst uns einander lieben. Denn die Liebe ist aus Gott, und jeder, der liebt, ist aus Gott geboren und erkennt Gott.<br>8&nbsp;Wer nicht liebt, hat Gott nicht erkannt; denn Gott ist Liebe.<br>9&nbsp;Darin ist die Liebe Gottes zu uns geoffenbart worden, dass Gott seinen eingeborenen Sohn in die Welt gesandt hat, damit wir durch ihn leben.<br>10&nbsp;Darin besteht die Liebe: Nicht dass wir Gott geliebt haben, sondern dass er uns geliebt hat und seinen Sohn gesandt hat als S\u00fchnopfer f\u00fcr unsere S\u00fcnden.<br>11&nbsp;Geliebte, wenn Gott uns so geliebt hat, sind auch wir schuldig, einander zu lieben.<br>12&nbsp;Niemand hat Gott jemals gesehen. Wenn wir einander lieben, so bleibt Gott in uns, und seine Liebe ist in uns vollkommen.<br>13&nbsp;Daran erkennen wir, dass wir in ihm bleiben und er in uns, dass er uns von seinem Geist gegeben hat.<br>14&nbsp;Und wir haben gesehen und bezeugen, dass der Vater den Sohn gesandt hat als Retter der Welt.<br>15&nbsp;Wer bekennt, dass Jesus der Sohn Gottes ist, in dem bleibt Gott und er in Gott.<br>16&nbsp;Und wir haben erkannt und geglaubt die Liebe, die Gott zu uns hat. Gott ist Liebe, und wer in der Liebe bleibt, bleibt in Gott und Gott in ihm.<br>17&nbsp;Darin ist die Liebe bei uns vollendet worden, dass wir Freim\u00fctigkeit haben am Tag des Gerichts, denn wie er ist, so sind auch wir in dieser Welt.<br>18&nbsp;Furcht ist nicht in der Liebe, sondern die vollkommene Liebe treibt die Furcht aus, denn die Furcht hat mit Strafe zu tun. Wer sich aber f\u00fcrchtet, ist nicht vollkommen geworden in der Liebe.<br>19&nbsp;Lasst uns lieben, weil er uns zuerst geliebt hat.<br>20&nbsp;Wenn jemand sagt: Ich liebe Gott, und hasst seinen Bruder, so ist er ein L\u00fcgner. Denn wer seinen Bruder nicht liebt, den er sieht, der kann nicht Gott lieben, den er nicht sieht.<br>21&nbsp;Und dieses Gebot haben wir von ihm, dass, wer Gott liebt, auch seinen Bruder lieben soll.<\/p>\r\n\r\n\r\n\r\n<p>5. Kapitel<\/p>\r\n\r\n\r\n\r\n<p>1&nbsp;Jeder, der glaubt, dass Jesus der Christus ist, der ist aus Gott geboren; und wer den liebt, der ihn geboren hat, der liebt auch den, der aus ihm geboren ist.<br>2&nbsp;Daran erkennen wir, dass wir Gottes Kinder lieben, wenn wir Gott lieben und seine Gebote halten.<br>3&nbsp;Denn das ist die Liebe zu Gott, dass wir seine Gebote halten; und seine Gebote sind nicht schwer.<br>4&nbsp;Denn alles, was aus Gott geboren ist, \u00fcberwindet die Welt; und unser Glaube ist der Sieg, der die Welt \u00fcberwunden hat.<br>5&nbsp;Wer ist es, der die Welt \u00fcberwindet, wenn nicht der, welcher glaubt, dass Jesus der Sohn Gottes ist?<br>6&nbsp;Dieser ist es, der durch Wasser und Blut gekommen ist, Jesus Christus; nicht im Wasser allein, sondern durch Wasser und Blut. Und der Geist ist es, der Zeugnis gibt, denn der Geist ist die Wahrheit.<br>7&nbsp;Denn es sind drei, die es bezeugen: der Vater, das Wort und der Heilige Geist, und diese drei sind eins;<br>8&nbsp;und drei sind es, die Zeugnis ablegen auf der Erde: der Geist und das Wasser und das Blut, und die drei stimmen \u00fcberein.<br>9&nbsp;Wenn wir das Zeugnis der Menschen annehmen, so ist das Zeugnis Gottes gr\u00f6\u00dfer; denn das ist das Zeugnis Gottes, das er von seinem Sohn abgelegt hat.<br>10&nbsp;Wer an den Sohn Gottes glaubt, der hat das Zeugnis in sich. Wer Gott nicht glaubt, der hat ihn zum L\u00fcgner gemacht, weil er nicht an das Zeugnis geglaubt hat, das Gott \u00fcber seinen Sohn bezeugt hat.<br>11&nbsp;Und das ist das Zeugnis, dass uns Gott das ewige Leben gegeben hat, und dieses Leben ist in seinem Sohn.<br>12&nbsp;Wer den Sohn hat, hat das Leben; wer den Sohn Gottes nicht hat, hat das Leben nicht.<br>13&nbsp;Dies habe ich euch geschrieben, damit ihr wisst, dass ihr ewiges Leben habt, die ihr an den Namen des Sohnes Gottes glaubt.<br>14&nbsp;Und das ist die Freim\u00fctigkeit, die wir ihm gegen\u00fcber haben, dass er uns h\u00f6rt, wenn wir etwas nach seinem Willen bitten.<br>15&nbsp;Und wenn wir wissen, dass er uns h\u00f6rt, um was wir auch bitten, wissen wir, dass wir das Erbetene haben, das wir von ihm erbeten haben.<br>16&nbsp;Wenn jemand seinen Bruder s\u00fcndigen sieht, eine S\u00fcnde nicht zum Tod, soll er bitten, und er wird ihm Leben geben, denen, die nicht zum Tode s\u00fcndigen. Es gibt S\u00fcnde zum Tod; dass man f\u00fcr eine solche bitten soll, sage ich nicht.<br>17&nbsp;Jede Ungerechtigkeit ist S\u00fcnde; aber es gibt S\u00fcnde nicht zum Tod.<br>18&nbsp;Wir wissen, dass jeder, der aus Gott geboren ist, nicht s\u00fcndigt, sondern wer aus Gott geboren ist, der bewahrt sich, und der B\u00f6se tastet ihn nicht an.<br>19&nbsp;Wir wissen, dass wir aus Gott sind und dass die ganze Welt sich im B\u00f6sen befindet.<br>20&nbsp;Wir wissen aber, dass der Sohn Gottes gekommen ist und uns Verst\u00e4ndnis gegeben hat, damit wir den Wahrhaftigen erkennen. Und wir sind in dem Wahrhaftigen, in seinem Sohn Jesus Christus. Dieser ist der wahrhaftige Gott und das ewige Leben.<br>21&nbsp;Kinder, h\u00fctet euch vor den G\u00f6tzen!<\/p>\r\n\r\n\r\n\r\n<p><strong>2. Johannesbrief<\/strong><\/p>\r\n\r\n\r\n\r\n<p>1&nbsp;Der \u00c4lteste an die auserw\u00e4hlte Herrin und ihre Kinder, die ich in Wahrheit liebe, und nicht ich allein, sondern auch alle, die die Wahrheit erkannt haben,<br>2&nbsp;um der Wahrheit willen, die in uns bleibt und mit uns sein wird in Ewigkeit.<br>3&nbsp;Gnade, Barmherzigkeit und Friede sei mit euch von Gott, dem Vater, und von Jesus Christus, dem Sohn des Vaters, in Wahrheit und Liebe.<br>4&nbsp;Es freut mich sehr, dass ich unter deinen Kindern solche gefunden habe, die in der Wahrheit wandeln, wie wir von dem Vater ein Gebot empfangen haben.<br>5&nbsp;Und nun bitte ich dich, Herrin, nicht als schriebe ich dir ein neues Gebot, sondern das, welches wir von Anfang an gehabt haben, dass wir einander lieben.<br>6&nbsp;Und das ist die Liebe, dass wir nach seinen Geboten wandeln. Das ist das Gebot, wie ihr es von Anfang an geh\u00f6rt habt, dass ihr darin wandeln sollt.<br>7&nbsp;Denn viele Verf\u00fchrer sind in die Welt hinausgegangen, die nicht bekennen, dass Jesus Christus im Fleisch gekommen ist. Das ist der Verf\u00fchrer und der Antichrist.<br>8&nbsp;Seht euch vor, dass ihr nicht verliert, was wir erarbeitet haben, sondern vollen Lohn empfangt.<br>9&nbsp;Jeder, der abweicht und nicht in der Lehre des Christus bleibt, hat Gott nicht. Wer in der Lehre bleibt, der hat sowohl den Vater als den Sohn.<br>10&nbsp;Wenn jemand zu euch kommt und diese Lehre nicht bringt, den nehmt nicht auf in euer Haus und gr\u00fc\u00dft ihn nicht.<br>11&nbsp;Denn wer ihn gr\u00fc\u00dft, der hat Teil an seinen b\u00f6sen Werken.<br>12&nbsp;Ich h\u00e4tte euch viel zu schreiben, aber will es nicht mit Papier und Tinte tun, sondern ich hoffe, zu euch zu kommen und m\u00fcndlich mit euch zu reden, damit unsere Freude vollkommen sei.<br>13&nbsp;Es gr\u00fc\u00dfen dich die Kinder deiner Schwester, der Auserw\u00e4hlten.<\/p>\r\n\r\n\r\n\r\n<p><strong>3. Johannesbrief<\/strong><\/p>\r\n\r\n\r\n\r\n<p>1&nbsp;Der \u00c4lteste an den geliebten Gajus, den ich in Wahrheit liebe.<br>2&nbsp;Mein Lieber, ich w\u00fcnsche, dass es dir in allen Dingen wohlgeht und du gesund bist, wie es deiner Seele wohlgeht.<br>3&nbsp;Denn ich freute mich sehr, als Br\u00fcder kamen und von deiner Wahrhaftigkeit Zeugnis ablegten, wie du in der Wahrheit wandelst.<br>4&nbsp;Ich habe keine gr\u00f6\u00dfere Freude als dies, dass ich h\u00f6re, dass meine Kinder in der Wahrheit wandeln.<br>5&nbsp;Mein Lieber, du handelst treu in dem, was du an den Br\u00fcdern, sogar an den unbekannten, tust, 6&nbsp;die von deiner Liebe Zeugnis abgelegt haben vor der Gemeinde. Du wirst wohltun, wenn du sie zur Reise ausstattest, wie es Gottes w\u00fcrdig ist.<br>7&nbsp;Denn um seines Namens willen sind sie ausgezogen, ohne von den Heiden etwas anzunehmen.<br>8&nbsp;Wir sind nun verpflichtet, solche aufzunehmen, damit wir Mitarbeiter der Wahrheit werden.<br>9&nbsp;Ich habe der Gemeinde geschrieben, aber Diotrephes, der bei ihnen der Erste sein m\u00f6chte, nimmt uns nicht an.<br>10&nbsp;Darum will ich ihm, wenn ich komme, seine Werke vorhalten, die er tut, indem er uns mit b\u00f6sen Worten verleumdet; und damit nicht genug, er selbst nimmt die Br\u00fcder nicht auf und verwehrt es auch denen, die es tun wollen, und st\u00f6\u00dft sie aus der Gemeinde.<br>11&nbsp;Mein Lieber, ahme nicht das B\u00f6se nach, sondern das Gute. Wer Gutes tut, ist aus Gott; wer B\u00f6ses tut, der hat Gott nicht gesehen.<br>12&nbsp;Demetrius hat ein gutes Zeugnis von jedermann und von der Wahrheit selbst. Auch wir geben Zeugnis, und du wei\u00dft, dass unser Zeugnis wahr ist.<br>13&nbsp;Ich h\u00e4tte dir vieles zu schreiben; aber ich will dir nicht mit Tinte und Feder schreiben.<br>14&nbsp;Ich hoffe aber, dich bald zu sehen, und dann wollen wir m\u00fcndlich miteinander reden.<br>15&nbsp;Friede sei mit dir. Es gr\u00fc\u00dfen dich die Freunde. Gr\u00fc\u00dfe die Freunde mit Namen!<\/p>\r\n","protected":false},"excerpt":{"rendered":"<p>1. Johannesbrief 1. Kapitel 1&nbsp;Was von Anfang war, was wir geh\u00f6rt haben, was wir mit unseren Augen gesehen haben, was wir angeschaut und was unsere H\u00e4nde betastet haben vom Wort des Lebens,2&nbsp;und das Leben ist offenbart worden, und wir haben gesehen und bezeugen und verk\u00fcndigen euch das ewige Leben, das bei dem Vater war und [&hellip;]<\/p>\n","protected":false},"author":2,"featured_media":0,"parent":82,"menu_order":4,"comment_status":"closed","ping_status":"closed","template":"","meta":{"footnotes":""},"class_list":["post-1507","page","type-page","status-publish","hentry"],"_links":{"self":[{"href":"https:\/\/jonathanfischer.de\/index.php?rest_route=\/wp\/v2\/pages\/1507","targetHints":{"allow":["GET"]}}],"collection":[{"href":"https:\/\/jonathanfischer.de\/index.php?rest_route=\/wp\/v2\/pages"}],"about":[{"href":"https:\/\/jonathanfischer.de\/index.php?rest_route=\/wp\/v2\/types\/page"}],"author":[{"embeddable":true,"href":"https:\/\/jonathanfischer.de\/index.php?rest_route=\/wp\/v2\/users\/2"}],"replies":[{"embeddable":true,"href":"https:\/\/jonathanfischer.de\/index.php?rest_route=%2Fwp%2Fv2%2Fcomments&post=1507"}],"version-history":[{"count":1,"href":"https:\/\/jonathanfischer.de\/index.php?rest_route=\/wp\/v2\/pages\/1507\/revisions"}],"predecessor-version":[{"id":1508,"href":"https:\/\/jonathanfischer.de\/index.php?rest_route=\/wp\/v2\/pages\/1507\/revisions\/1508"}],"up":[{"embeddable":true,"href":"https:\/\/jonathanfischer.de\/index.php?rest_route=\/wp\/v2\/pages\/82"}],"wp:attachment":[{"href":"https:\/\/jonathanfischer.de\/index.php?rest_route=%2Fwp%2Fv2%2Fmedia&parent=1507"}],"curies":[{"name":"wp","href":"https:\/\/api.w.org\/{rel}","templated":true}]}}