{"id":14,"date":"2008-04-05T14:04:48","date_gmt":"2008-04-05T14:04:48","guid":{"rendered":"http:\/\/jonathanfischer.de\/?page_id=14"},"modified":"2021-03-20T15:03:54","modified_gmt":"2021-03-20T15:03:54","slug":"herzlich-willkommen","status":"publish","type":"page","link":"https:\/\/jonathanfischer.de\/?page_id=14","title":{"rendered":"Herzlich Willkommen"},"content":{"rendered":"<p>Aus Anlass meines 40. Geburtstages begr\u00fcndete\u00a0<strong><em>&#8222;Die Story&#8220;<\/em><\/strong>\u00a0diesen Blog mit 10 Kapiteln zur Lebensfiktion des Jonathan Fischer. In diesem Bereich erf\u00e4hrt man von erdachten Ereignissen und erfundenen Erlebnissen des Jonathan Fischer auf der Suche nach seiner Traumfrau, die ihn durch viele L\u00e4nder f\u00fchrt.<\/p>\n<p>Neben interessanten Reiseberichten des Storyhelden wird ein aufmerksames Auge auf verborgene M\u00e4chte wie Kontrolle, Manipulation, Herrschsucht und Eifersucht geworfen.<\/p>\n<p>Wer an Enth\u00fcllungsgeschichten Geschmack findet, kann das Werk gerne herunterladen oder anh\u00f6ren. In\u00a0<strong><a href=\"http:\/\/jonathanfischer.eu\/\">www.jonathanfischer.eu<\/a><\/strong>\u00a0wird <strong><em>&#8222;Die Story&#8220;<\/em><\/strong>\u00a0in Deutsch und in Englisch als PDF-Datei oder H\u00f6rbuch im MP3-Format zum privaten Gebrauch kostenlos f\u00fcr Downloader bereit gestellt.<\/p>\n<p>Eine Bereicherung des Wissens bieten die <strong><em>&#8222;Zahlen in der Bibel&#8220;<\/em><\/strong> anhand der Dropbox-Predigt mit zugeh\u00f6rigen Powerpoint-Schaubilder.<\/p>\n<p>In <strong><em>&#8222;Aktuelles&#8220;<\/em><\/strong> finden sich lesenswerte Beitr\u00e4ge zu verschiedenen Themen, oft mit Bezug auf den christlichen Glauben.<\/p>\n<p>Meine Frau Julia zeigt sich mit <strong><em>&#8222;Bilder&#8220;<\/em><\/strong> von ihrer kreativen Seite, so wie in ihrem\u00a0<strong><a href=\"https:\/\/postkartenbibel.blog\">postkartenbibel.blog<\/a><\/strong>.<\/p>\n<p><strong>&#8222;<em>Bildung&#8220;<\/em><\/strong> sollte ebenfalls nicht von Schaden sein, auch wenn sich das Thema <strong><em>&#8222;Okkultismus&#8220;<\/em><\/strong> und die <strong><em>&#8222;Enth\u00fcllung&#8220;<\/em><\/strong> mehr zum F\u00fcrchten anh\u00f6rt.<\/p>\n<p>\u00dcber den Besuch auf meiner seit April 2008 bestehenden Internetpr\u00e4senz freut sich<\/p>\n<p>Euer\/Ihr Matthias Ruf<\/p>\n<p>&nbsp;<\/p>\n","protected":false},"excerpt":{"rendered":"<p>Aus Anlass meines 40. Geburtstages begr\u00fcndete\u00a0&#8222;Die Story&#8220;\u00a0diesen Blog mit 10 Kapiteln zur Lebensfiktion des Jonathan Fischer. In diesem Bereich erf\u00e4hrt man von erdachten Ereignissen und erfundenen Erlebnissen des Jonathan Fischer auf der Suche nach seiner Traumfrau, die ihn durch viele L\u00e4nder f\u00fchrt. Neben interessanten Reiseberichten des Storyhelden wird ein aufmerksames Auge auf verborgene M\u00e4chte wie [&hellip;]<\/p>\n","protected":false},"author":2,"featured_media":0,"parent":0,"menu_order":0,"comment_status":"closed","ping_status":"closed","template":"","meta":{"footnotes":""},"class_list":["post-14","page","type-page","status-publish","hentry"],"_links":{"self":[{"href":"https:\/\/jonathanfischer.de\/index.php?rest_route=\/wp\/v2\/pages\/14","targetHints":{"allow":["GET"]}}],"collection":[{"href":"https:\/\/jonathanfischer.de\/index.php?rest_route=\/wp\/v2\/pages"}],"about":[{"href":"https:\/\/jonathanfischer.de\/index.php?rest_route=\/wp\/v2\/types\/page"}],"author":[{"embeddable":true,"href":"https:\/\/jonathanfischer.de\/index.php?rest_route=\/wp\/v2\/users\/2"}],"replies":[{"embeddable":true,"href":"https:\/\/jonathanfischer.de\/index.php?rest_route=%2Fwp%2Fv2%2Fcomments&post=14"}],"version-history":[{"count":11,"href":"https:\/\/jonathanfischer.de\/index.php?rest_route=\/wp\/v2\/pages\/14\/revisions"}],"predecessor-version":[{"id":933,"href":"https:\/\/jonathanfischer.de\/index.php?rest_route=\/wp\/v2\/pages\/14\/revisions\/933"}],"wp:attachment":[{"href":"https:\/\/jonathanfischer.de\/index.php?rest_route=%2Fwp%2Fv2%2Fmedia&parent=14"}],"curies":[{"name":"wp","href":"https:\/\/api.w.org\/{rel}","templated":true}]}}