{"id":1165,"date":"2021-11-05T21:37:02","date_gmt":"2021-11-05T21:37:02","guid":{"rendered":"http:\/\/jonathanfischer.de\/?page_id=1165"},"modified":"2022-07-09T12:27:28","modified_gmt":"2022-07-09T12:27:28","slug":"solidaritaet-mit-schachfreund-matthias-ruf","status":"publish","type":"page","link":"https:\/\/jonathanfischer.de\/?page_id=1165","title":{"rendered":"Solidarit\u00e4t mit Schachfreund Matthias Ruf"},"content":{"rendered":"<p><span style=\"font-family: Verdana, sans-serif;\">Liebe Schachfreunde,<\/span><\/p>\n<p><span style=\"font-family: Verdana, sans-serif;\">das weltweite Motto der FIDE lautet Gens Una Sumus \u2013 Wir sind eine Familie. Aus dieser Familie hat mich heute der Deutsche Staat durch eine weitere Beschneidung meiner Grundrechte ausgeschlossen. Aktuell darf ich in vielen Bereichen nicht mehr am \u00f6ffentlichen Leben teilnehmen, da argumentiert wird, als Ungeimpfter sei ich die Ursache aller Probleme. Selbst Schuld! Gen\u00fcgend Mitmenschen, denen ich pers\u00f6nlich begegne, w\u00e4hnen in mir den Grund f\u00fcr unsere gespaltene Gesellschaft und nicht in der Regierung, mit immer mehr diskriminierenden Verordnungen. Die in Fu\u00dfballstadien gesungene Nationalhymne Einigkeit und Recht und Freiheit empfinde ich dabei als Hohn. Wissenschaftlich ist belegt, dass durch Lockerungen belohnte Geimpfte in ihren Treffen ebenso ansteckend sind. Ein Heilsversprechen, welches mit der Durchimpfung der gesamten Bev\u00f6lkerung verkn\u00fcpft wird, sehe ich als bekennender Christ als faschistoid an. Totalit\u00e4re Machtstrukturen sind mit ihren Pl\u00e4nen durchschaubar. Der Zwang zur Impfung kommt durch die Hintert\u00fcr. Durch knallharte Regeln werde ich aus meiner eingeschworenen Schachgemeinschaft herausgeworfen. Im Beh\u00f6rdendeutsch nennt sich die Daumenschraube Corona-Warnstufe in BW. Mit Inkrafttreten einer 2G Einschr\u00e4nkung bzw. der Verpflichtung zum l\u00e4ngeren, teuren PCR-Test werde ich nicht mehr an Mannschaftsk\u00e4mpfen teilnehmen k\u00f6nnen und wollen, selbst wenn sich ein Sponsor f\u00e4nde. Allein im Oktober habe ich \u00fcber 100 Euro f\u00fcr Schnelltests ausgegeben, um mir meine gute Laune, aber auch physische und psychische Gesundheit, durch den Besuch meiner Freunde in den Sportvereinen nicht nehmen zu lassen.<\/span><\/p>\n<p><span style=\"font-family: Verdana, sans-serif;\">Darum verabschiede ich mich f\u00fcr eine dunkle Zeit von meinen langj\u00e4hrigen Schachfreunden (sorry -dinnen gab es weniger) und widme mich mehr MatthiasRuf.Blog. Dort findet sich auch ein 2008 verfasster Fiktionsroman \u00fcber den Schachmeister Jonathan Fischer auf der Suche nach seiner Traumfrau, die ihn durch viele L\u00e4nder f\u00fchrt. Die Leser sollen als Ziel des zweisprachigen, literarischen Werks und kostenlosen MP3-H\u00f6rbuchs, die unsichtbaren M\u00e4chte Kontrolle, Manipulation, Herrschsucht und Eifersucht anhand eines allsehenden Auges, eines Zauberers, einer Hexe und eines Monsters besser erfassen.<\/span><\/p>\n<p><span style=\"font-family: Verdana, sans-serif;\">Eine Kostprobe meiner Schreibk\u00fcnste liefere ich als Bankfachwirt zum Schluss mit dem aktuellen Aufruf zur Solidarit\u00e4t anl\u00e4sslich der kommenden Betriebsversammlung:<\/span><\/p>\n<p><span style=\"font-family: Verdana, sans-serif;\">Meine Damen und Herren, <\/span><\/p>\n<p><span style=\"font-family: Verdana, sans-serif;\">bitte sehen Sie es mir nach, gerade mit spitzer Feder zu schreiben. Bei mir ist n\u00e4mlich der Zorn \u00fcber das t\u00e4gliche Leid ausgebrochen. Nun werde ich als Schachspieler nicht kampflos hinnehmen, dass mir am Ende sogar der Arbeitsplatz weggenommen werden soll, weil ich krank sei. Eigentlich bin ich gesund und m\u00f6chte dies auch bleiben. Grundgesetz und Grundrechte betreffend, sollte kein Sport treibender B\u00fcrger einen Impf-Beweis f\u00fcr das Eintrittsrecht ins Schwimmbad oder Fitnessstudio erbringen. Heute habe ich als Jugendtrainer und Tischtennisfan wegen der teuren Tests den Schl\u00fcssel zur Sporthalle abgegeben. Den Intensivbetten-Horror, muss ich mir als eine Art Auss\u00e4tziger selbst zuschreiben lassen. Sich keine Angst machen lassend, besteht meine zu heilende Krankheit darin, keinen mehrfachen Stich in meinen K\u00f6rper zulassen zu wollen. Mikrobiologischen Substanzen stehe ich kritisch gegen\u00fcber. In der Vergangenheit bekam ich selbst bei altbekannten Impfstoffen solche Schmerzen, dass ich einen ganzen Tag lang nicht mehr laufen konnte. Trotzdem trauere ich meinem verstorbenen Hausarzt nach und behaupte keinesfalls, Impfstoffe w\u00e4ren im Kampf gegen Krankheitserreger wirkungslos. <\/span><\/p>\n<p><span style=\"font-family: Verdana, sans-serif;\">Meinem christlichen Bankvorstand wird einleuchten, dass ich keine Zellen in meinen K\u00f6rper aufnehmen will, die urspr\u00fcnglich einmal menschlichen F\u00f6ten entnommen wurden. In Deutschland sind dies die Vektorimpfstoffe von AstraZeneca und Johnson&amp;Johnson, so der \u00f6ffentlich-rechtliche Rundfunk, der sich gerade besonders \u00fcber den abwartenden Joshua Kimmich emp\u00f6rt. Der fr\u00fchere VfB-Spieler und Stuttgarter Einserabiturient darf als Vorbild nicht zweifeln. Dabei k\u00f6nnte durchaus kl\u00fcger sein, auf bew\u00e4hrte Tot-Impfstoffe zu warten. Ein schnell eingef\u00fchrtes mRNA-Verfahren ist j\u00fcngst in Island verboten worden. Eine hektische Zulassung f\u00fcr ungef\u00e4hrdete Kinder halte ich f\u00fcr verantwortungslos. Der gew\u00e4hlte Kanzler betrachtet sich als Versuchskaninchen. Als Laborratten bezeichnen sich kraftlose M\u00e4nner mit Herzmuskelentz\u00fcndungen in Israel. Selbst die Tagesschau berichtete, dass drei Millionen verunreinigter Moderna-Impfdosen vom Rovi-Werk Spanien nach Japan ausgef\u00fchrt wurden. Auch wenn ich davon nicht betroffen war, m\u00f6chte ich meinem \u00c4rger Luft lassen, da ich aufgrund des SARS-CoV-2-Arbeitsschutzverordnung per Mausklick zustimmen durfte, nur zuverl\u00e4ssige Quellen wie das RKI zur Meinungsfindung zu verwenden. Lassen Sie mich einen Witz am Rande machen: ZAHLEN L\u00dcGEN NIE, AUSSER SIE SIND VOM RKI.<\/span><\/p>\n<p><span style=\"font-family: Verdana, sans-serif;\">Mittlerweile traut sich sogar die Bild Zeitung, die zehn Corona-Irrt\u00fcmer von Viren-Experte Karl Lauterbach anzuprangern. Auch am Tag der Merkel-Abrechnung auf dem Parteitag des Jungen Union wurde kein Verst\u00e4ndnis f\u00fcr die epidemische Notlage gezeigt. Den verlogenen Satz \u201cDas ist alternativlos!\u201d will keiner mehr h\u00f6ren. Nach der Erm\u00e4chtigungsgrundlage durch das Infektionsschutzgesetz mit wiederholten Lockdowns wird mehr Mitbestimmungsrecht gefordert.<\/span><\/p>\n<p><span style=\"font-family: Verdana, sans-serif;\">Im Gegensatz zum Niedergang von Parteien liegt mir der Fortbestand meiner Volksbank am Herzen. Als ehemaliger Betriebsrat und Wahlvorstand k\u00fcmmerte ich mich um die Sorgen und Rechte der Arbeitnehmer. Jeder hat das Recht auf Freiheit und auf Arbeit in Europa. Es darf keine Ungleichbehandlung oder Ausgrenzung aufgrund des Glaubens geben. In einer Demokratie sollte Meinungsfreiheit selbstverst\u00e4ndlich sein. Niemand darf in einem Apartheidstaat der Privilegierten benachteiligt werden. Der totalit\u00e4re Staat, im Bestreben kleinere Gruppen auszul\u00f6schen, darf niemals mehr in Deutschland die Macht ergreifen. Erinnern Sie sich an den Film die Welle?<\/span><\/p>\n<p><span style=\"font-family: Verdana, sans-serif;\">Mein Antrag zur Betriebsversammlung ist, dass sich meine Kollegen und die Gesch\u00e4ftsleitung mit mir solidarisch erkl\u00e4ren, das Menschenm\u00f6gliche zu tun, damit ich nicht meinen Arbeitsplatz verliere und aus der Bank ausgegrenzt werde. Darum fordere ich ein Nein zur geplanten EU-Corona-Pass-Plicht, zu weiteren diskriminierenden 2G-Regeln und zum Ausschluss aus dem Leben.<\/span><\/p>\n<p><span style=\"font-family: Verdana, sans-serif;\">Euer Matthias Ruf<\/span><\/p>\n","protected":false},"excerpt":{"rendered":"<p>Liebe Schachfreunde, das weltweite Motto der FIDE lautet Gens Una Sumus \u2013 Wir sind eine Familie. Aus dieser Familie hat mich heute der Deutsche Staat durch eine weitere Beschneidung meiner Grundrechte ausgeschlossen. Aktuell darf ich in vielen Bereichen nicht mehr am \u00f6ffentlichen Leben teilnehmen, da argumentiert wird, als Ungeimpfter sei ich die Ursache aller Probleme. [&hellip;]<\/p>\n","protected":false},"author":2,"featured_media":0,"parent":37,"menu_order":39,"comment_status":"open","ping_status":"closed","template":"","meta":{"footnotes":""},"class_list":["post-1165","page","type-page","status-publish","hentry"],"_links":{"self":[{"href":"https:\/\/jonathanfischer.de\/index.php?rest_route=\/wp\/v2\/pages\/1165","targetHints":{"allow":["GET"]}}],"collection":[{"href":"https:\/\/jonathanfischer.de\/index.php?rest_route=\/wp\/v2\/pages"}],"about":[{"href":"https:\/\/jonathanfischer.de\/index.php?rest_route=\/wp\/v2\/types\/page"}],"author":[{"embeddable":true,"href":"https:\/\/jonathanfischer.de\/index.php?rest_route=\/wp\/v2\/users\/2"}],"replies":[{"embeddable":true,"href":"https:\/\/jonathanfischer.de\/index.php?rest_route=%2Fwp%2Fv2%2Fcomments&post=1165"}],"version-history":[{"count":2,"href":"https:\/\/jonathanfischer.de\/index.php?rest_route=\/wp\/v2\/pages\/1165\/revisions"}],"predecessor-version":[{"id":1167,"href":"https:\/\/jonathanfischer.de\/index.php?rest_route=\/wp\/v2\/pages\/1165\/revisions\/1167"}],"up":[{"embeddable":true,"href":"https:\/\/jonathanfischer.de\/index.php?rest_route=\/wp\/v2\/pages\/37"}],"wp:attachment":[{"href":"https:\/\/jonathanfischer.de\/index.php?rest_route=%2Fwp%2Fv2%2Fmedia&parent=1165"}],"curies":[{"name":"wp","href":"https:\/\/api.w.org\/{rel}","templated":true}]}}