{"id":116,"date":"2010-07-07T17:10:08","date_gmt":"2010-07-07T17:10:08","guid":{"rendered":"http:\/\/jonathanfischer.de\/?page_id=116"},"modified":"2024-05-18T08:00:13","modified_gmt":"2024-05-18T08:00:13","slug":"10-kapitel","status":"publish","type":"page","link":"https:\/\/jonathanfischer.de\/?page_id=116","title":{"rendered":"10. Kapitel"},"content":{"rendered":"\r\n<figure class=\"wp-block-audio\"><audio src=\"https:\/\/matthiasruf.files.wordpress.com\/2022\/02\/offenbarung-10.mp3\" controls=\"controls\"><\/audio>\r\n<figcaption>Offenbarung 10<\/figcaption>\r\n<\/figure>\r\n\r\n<p><i>Und ich sah einen andern starken Engel vom Himmel herab kommen, bekleidet mit einer Wolke, und ein Regenbogen auf seinem Haupt und sein Angesicht wie die Sonne und seine F\u00fc\u00dfe wie Feuers\u00e4ulen.<\/i><\/p>\r\n<p><i>Und er hielt in seiner Hand ein kleines, ge\u00f6ffnetes Buch. Und er setzte seinen rechten Fu\u00df auf das Meer und den linken auf die Erde, und er schrie mit lauter Stimme, wie ein L\u00f6we br\u00fcllt. Und als er schrie, f\u00fcgten die sieben Donner ihre Laute hinzu. Und als die sieben Donner ihre Stimme hinzugef\u00fcgt haben, wollte ich schreiben, da h\u00f6rte ich eine Stimme aus dem Himmel zu mir sagen: Versiegle, was die sieben Donner geredet haben und schreibe dies nicht!<\/i><\/p>\r\n<p><i>Und der Engel, den ich auf dem Meer und auf der Erde stehen sah, erhob seine Hand zum Himmel und schwor bei dem, der lebt von Ewigkeit zu Ewigkeit, der den Himmel geschaffen hat und was in ihm ist, und die Erde und was auf ihr ist, und das Meer und was in ihm ist: Es wird keine Zeitverz\u00f6gerung mehr sein, sondern in den Tagen, wenn die Stimme des siebten Engels und seine Posaune ert\u00f6nt, wird das Geheimnis Gottes vollendet sein, wie er es verk\u00fcndigt hat seinen Dienern, den Propheten.<\/i><\/p>\r\n<p><i>Und die Stimme, die ich vom Himmel geh\u00f6rt hatte, redete wieder mit mir und sprach: Geh hin, nimm das kleine Buch, das ge\u00f6ffnet ist, aus der Hand des Engels, der auf dem Meer und auf der Erde steht! Und ich ging zu dem Engel und sprach zu ihm: Gib mir das kleine Buch! Und er sprach zu mir: Nimm und iss es auf! Und es wird deinen Bauch bitter machen, aber in deinem Mund wird es s\u00fc\u00df sein wie Honig. Und ich nahm das kleine Buch und a\u00df es auf. Und es war in meinem Mund s\u00fc\u00df wie Honig, und als ich es gegessen hatte, wurde es mir bitter im Bauch. Und er sprach zu mir: Du musst wieder prophezeien \u00fcber vielen V\u00f6lkern und Nationen und Sprachen und K\u00f6nigen.<\/i><\/p>\r\n<p><br \/>Die Menschen kehren nicht davon um, G\u00f6tzenbilder anzubeten und Ungerechtigkeit zu wirken, obwohl das Gericht \u00fcber sie hereingebrochen ist. Beim Lesen der Heiligen Schrift ist zu beachten, dass die sinnvolle Unterteilung in Kapitel erst viele Jahre sp\u00e4ter eingef\u00fcgt wurde. Auch wenn zu Beginn der zehnten Passage der Blickwinkel wiederum von irdischer Zerst\u00f6rung hin zu himmlischen M\u00e4chten wechselt, sollte der Leser bedenken, dass die zweite Wehe und die Posaunengerichte nicht vor\u00fcber sind.<\/p>\r\n<p>Der nur 11 Verse fassende Absatz beinhaltet eine weitere Engelserscheinung, die ich zun\u00e4chst allgemein thematisieren will. Die Apokalypse ist das Buch der Engel, die mit Hilfe von Bibelprogrammen wie <a href=\"http:\/\/www.bibleserver.com\/\">www.bibleserver.com<\/a> mit allein 70 Treffern in der Offenbarung und 283 Auflistungen in der gesamten Bibel bei der Auswahl der Luther Bibel erscheinen. Der flei\u00dfige Student wird feststellen, dass Engel nicht nur zum Schutz ausgesandt sind, sondern sogar den Tod bringen k\u00f6nnen. Ein satanischer Hohn ist die barocke Darstellung als nackte Putten, die seit der Antike Liebesg\u00f6tter verk\u00f6rpern. Aber auch deren esoterische Lichtbilder auf christlichen Predigtalben <a href=\"http:\/\/www.grace-production.com\/CDs\/Die-Unsichtbare-Welt-Teil-2-Audio-CDs::94.html\">http:\/\/www.grace-production.com\/CDs\/Die-Unsichtbare-Welt-Teil-2-Audio-CDs::94.html<\/a> oder die Schwert-Eingravierung etwa so wie auf Superapostels Todd Bentleys Fu\u00df<\/p>\r\n<p><a href=\"http:\/\/www.inplainsite.org\/assets\/images\/CR-Bentley-Tattoo.jpg\">http:\/\/www.inplainsite.org\/assets\/images\/CR-Bentley-Tattoo.jpg<\/a> sollten eher als deutliche Warnung angesehen werden (Bileam in 4. Mose 22, 23 u. 1.Chroniker 21, 16). Umso erstaunlicher ist es f\u00fcr mich, wenn Betr\u00fcger behaupten und gezielt dazu ermutigen auf eigenen Wunsch Himmelsreisen und Engelserscheinungen auszul\u00f6sen, wo die Cherubim doch gerade das Paradies verschlie\u00dfen (1. Mose 3, 24). Dass gefallenen Engel, sprich D\u00e4monen, Gott suchende Menschen durch die Einbildungen ihrer L\u00fcgenpropheten perfekt t\u00e4uschen k\u00f6nnen, zeigt f\u00fcr mich die Schaffung neuer Religionen, die das Evangelium vom Fleisch gewordenen Sohn Gottes, der S\u00fcnder errettet, gezielt verleugnen und sogar bis aufs Blut bek\u00e4mpfen. Um nicht gleich als M\u00e4rtyrer zu enden, gehe ich an dieser Stelle nicht weiter auf die historisch aufgezeichneten, \u00fcbernat\u00fcrlichen L\u00fcgenerz\u00e4hlungen ein und zitiere statt dessen Gottes ewiges Wort:<\/p>\r\n<p>Denn viele Verf\u00fchrer sind in die Welt ausgegangen, die verleugnen, dass Jesus Christus im Fleisch gekommen ist. Das ist der Verf\u00fchrer und der Antichrist (2. Johannes 7).<\/p>\r\n<p>Aber auch wenn wir oder ein Engel vom Himmel euch ein Evangelium predigen w\u00fcrden, das anders ist, als wir es euch gepredigt haben, der sei verflucht (Galater 1, 8).<\/p>\r\n<p><br \/>Ein weiterer Fingerzeig im Wort Gottes, wie wichtig es ist Engelserscheinungen zu hinterfragen, findet sich in 1. K\u00f6nige 13, 18:<\/p>\r\n<p>Er sprach zu ihm: Ich bin auch ein Prophet wie du, ein Engel hat zu mir geredet auf das Wort des Herrn hin: Bring ihn mit dir in dein Haus zur\u00fcck, dass er Brot esse und Wasser trinke. Er belog ihn aber.<\/p>\r\n<p><br \/>Die Folge des Ungehorsams gegen\u00fcber Gottes Wort, nicht nach Bethel zur\u00fcck zu kehren und zu essen, war die t\u00f6dliche Bestrafung des vollm\u00e4chtigen Mann Gottes durch einen L\u00f6wen, der den Esel verschonte. Der Schreiber ist sich selbst schon \u00f6fters, wie ein Gottes Gericht beobachtender Esel vorgekommen, als seine Warnungen bei seinen Br\u00fcdern nur auf Unverst\u00e4ndnis stie\u00dfen. Richter 15, 15 lehrt, dass selbst der Kinnbacken eines Esel-Skelettes ausreicht, um den Feind zum Schweigen zu bringen.<\/p>\r\n<p><br \/>Die Worte der Offenbarung m\u00f6gen f\u00fcr viele hohl klingen und zudem Angst einfl\u00f6\u00dfend sein, doch gl\u00fcckselig wer da liest und verinnerlicht, so ist der Anfang der Erkenntnis des Herrn ihn zu f\u00fcrchten.<\/p>\r\n<p>Ehrfurcht gebietend ist der Anblick des m\u00e4chtigen Engels, der in eine Wolke gekleidet vom Himmel herab kommt. Sein Angesicht leuchtet wie die Sonne und reflektiert die Herrlichkeit des im Regenbogen thronenden Bundesgottes (Offenbarung 1, 14 und 4, 3). Die F\u00fc\u00dfe des wie ein L\u00f6we br\u00fcllenden Engels gleichen Feuers\u00e4ulen, so wie beim Auftreten des gl\u00fchenden Menschensohns und beim zweiten Kommen des Herrn (Markus 13, 26), das wir freudig erwarten sollen. Paulus beschreibt die Zukunft der erl\u00f6sten, freim\u00fctigen Gl\u00e4ubigen \u00fcbereinstimmend in 2. Korinther 3 Vers 18:<\/p>\r\n<p>Wir alle aber schauen mit unverh\u00fclltem Angesicht die Herrlichkeit des Herrn an und werden so verwandelt in dasselbe Bild von Herrlichkeit zu Herrlichkeit, n\u00e4mlich vom Geist des Herrn.<\/p>\r\n<p><br \/>Diese Bibelstelle nimmt im vorangegangenen Kontext Bezug auf den Alten Bund und die Gesetzgebung. Als Mose vom Berg Sinai hinab stieg leuchtete sein Angesicht so stark, dass es verh\u00fcllt werden musste, da das ver\u00e4ngstigte Volk Israel die widerspiegelnde Herrlichkeit Gottes nicht ertragen konnte.<\/p>\r\n<p>Im Gegensatz dazu hat jedes Kind Gottes die Freiheit durch Lobpreis und Gebet vor den Gnadenthron des himmlischen Vaters zu kommen. Denn der Vorhang ins Allerheiligste zerriss im Moment des Todes unseres Hohepriesters Jesus, der den Himmel durchschritten hat.<\/p>\r\n<p><br \/>Anstelle steinerner Gesetzestafeln brachte der starke Engel ein kleines Buch. Immer wieder zeigt die Offenbarung Parallelen zum Alten Testament, dem Gesetz und den Propheten. Die Anweisung eine Schriftrolle zu essen, die s\u00fc\u00df im Mund wird findet sich bereits ca. 600 Jahre vor Christus in Hesekiel 3, 3 wieder. Hesekiel h\u00f6rte in seiner ersten Vision die Stimme von einem, der auf dem Thron sa\u00df und aussah wie ein Mensch, der von den H\u00fcften abw\u00e4rts von Feuer ringsum bedeckt war. Dabei wird der Glanz von Gottes Herrlichkeit mit einem Saphir und Regenbogen verglichen. Im Gehorsam verschlingt Hesekiel das Buch mit Klagen, Seufzen und Wehen, so dass es seinen Leib f\u00fcllt. Das Volk Israel, ein Haus vollen Widerspruchs, wird jedoch die Warnungen von Hesekiel nicht h\u00f6ren wollen. So bekommt der von Gott eingesetzte W\u00e4chter ein Angesicht und eine Stirn hart wie Diamanten.<\/p>\r\n<p>In gleicher Weise versp\u00fcrte Johannes nach dem Verzehr von Gottes Wort die Bitterkeit in seinem Magen, nachdem das B\u00fcchlein einen s\u00fc\u00dfen Geschmack in seinem Mund ausl\u00f6ste. Die gr\u00f6\u00dfte Offenbarung der Menschheitsgeschichte bekam Gottes Endzeit-Prophet in der Verbannung auf der Gefangeneninsel Patmos. Jochanan kannte wohl die Worte seines Freundes Simon Barjona \u00fcber die nicht Befremdung ausl\u00f6sen sollende Verfolgung, denn das Teilhaben an den Leiden Jesu f\u00fchrt zur Offenbarung seiner Herrlichkeit (1. Petrus 4, 12 u. 13).<\/p>\r\n<p>Stephanus erblickte die Herrlichkeit Gottes in der Stunde seines Todes, indem er Jesus zur Rechten Gottes stehend gewahrte und um Vergebung f\u00fcr seine steinigenden M\u00f6rder bat. Wer sicher gehen will direkt in den Himmel zu kommen, sollte als M\u00e4rtyrer sterben, doch kann man dies keinesfalls wie auf Knopfdruck selbst ausl\u00f6sen! In dieser Beziehung nimmt mich eine andere L\u00fcge Wunder, denn ohne den Allm\u00e4chtigen ein Urteil f\u00e4llen zu lassen, wird auf Beerdigungen von unwissenden Predigern \u00fcber die Entschlafenen oft behauptet, sie w\u00e4ren jetzt im Himmel (im Gegensatz zur letzten Posaune in 1. Korinther 15 und Daniel 12). Gerade das letzte Kapitel des vielgeliebten Mannes Gottes Daniel verbirgt ein Geheimnis f\u00fcr die finale Zeit, in der viele gro\u00dfe Erkenntnis finden werden. Johannes versiegelte, was die sieben Donner dem schreienden Engel hinzugef\u00fcgt haben. Der Engel erhob seine Hand zuvor zu dem Schwur, dass das Geheimnis Gottes mit dem Schall der siebten Posaune vollendet sein wird. Wie gewaltig trat dieser starke Bote auf, als seine feurigen F\u00fc\u00dfe das Meer und die Erde betraten; w\u00fcrden wir es wagen ihm einen Befehl zu erteilen??<\/p>\r\n<p><br \/>Der Himmel ist Gottes Thron und die Erde der Schemel seiner F\u00fc\u00dfe, lehrt Jesaja im 66. Kapitel \u00fcber den Gott dessen H\u00e4nde alles gemacht haben und der ein Feuergericht \u00fcber die Gottlosen h\u00e4lt. Neben Friedensnobelpreistr\u00e4ger Michail Gorbatschow gibt es gen\u00fcgend Atheisten, die die Existenz des Sch\u00f6pfergottes abstreiten, dem alles geh\u00f6rt was im Himmel, Meer oder der Erde ist, und statt dessen darauf beharren, ihn nicht zu brauchen, in dem Bestreben gl\u00fccklich zu werden oder f\u00fcr sich selbst Macht und Reichtum anzuh\u00e4ufen.<\/p>\r\n<p>Historisch betrachtet ist es interessant nachzuforschen, wie wichtig es war, neben der kolonialen Landeinnahme die Seewege zu beherrschen. Durch unsere heutigen Technologien spielt die Kontrolle der Lufthoheit eine bedeutendere Rolle. Vom einfachen Propellerflugzeug ausgehend stieg die \u00dcberwachung bis hin zum Erdorbit, durch allseits genutzte Satelliten, und bald sollen gar aufwendige Raketensysteme aus dem Weltraum f\u00fcr Sicherheit und Frieden sorgen.<\/p>\r\n<p><br \/>Zum Schreien ist es wie oft der Name Jesus und das Kreuz in der Geschichte missbraucht worden sind, um L\u00e4nder einzunehmen und V\u00f6lker im wahrsten Sinne zu versklaven. Den Anf\u00e4nger dieser erfolgreichen Strategie sehe ich im abergl\u00e4ubischen Kaiser Konstantin des Gro\u00dfen, der sich durch den Gebrauch des Christus-Monogramms f\u00fcr unbesiegbar hielt und als oberster r\u00f6mischer Priester mit listigem politischem Kalk\u00fcl das Christentum mit dem Staat verheiratete. Sp\u00e4tere Br\u00fcckenbauer unter V\u00f6lkern und Religionen f\u00fchrten gleichwohl das Abschlachten Andersgl\u00e4ubiger ein, weil Gott es will (Deus lo vult) und die Kreuzzug f\u00fchrenden, mordenden Ritter in Jerusalem ankommend, Erlassung all ihre Schuld erreichen (\u201e\u00fcberdies befiehlt es Christus\u201c, Papst Urban II., Clermont 1095, \u201eKraft der Vollmacht mit der Gott mich ausgestattet hat\u201c). Unser deutscher Pontifex Maximus verk\u00fcndigte w\u00e4hrend seiner Brasilienreise in gewohnt peinlicher Manier die katholische Kirche habe die Christianisierung Lateinamerikas ohne Gewalt bewerkstelligt und Christus sei f\u00fcr die eingeborenen V\u00f6lker der Erl\u00f6ser gewesen, den diese schon lange herbeigesehnt h\u00e4tten. Nat\u00fcrlich wei\u00df der hochgebildete Mitarbeiter der Wahrheit, dass der Vater im Himmel, den Menschen einen freien Willen gab und sein Sohn Jesus Christus oder dessen Nachfolger den brutalst versklavten, indigenen Ureinwohnern S\u00fcdamerikas niemals den Kopf abgeschlagen h\u00e4tte. Daf\u00fcr waren damals die weltlichen, katholischen Konquistadoren durch ihre Geltungssucht und Habgier verantwortlich.<\/p>\r\n<p><br \/>Das Glaubenslager und die Zeit wechselnd halte ich f\u00fcr bemerkenswert, warum der Pr\u00e4sidentenfreund mit Spitznamen \u201eMaschinengewehr Gottes\u201c, Billy Graham, durch seine \u201eCrusades\u201c und Truppenbesuche den verlustreichen Vietnamkrieg theologisch legitimierte. Ich denke er musste dem Bundesbruder Richard Nixon beistehen, auch wenn dessen L\u00fcgen aufdeckende, gemeinsame Tonbandmitschnitte nicht die eigene Meinung wiedergeben. Sp\u00e4ter erfuhr der von Alkoholsucht geheilte, spirituelle Sch\u00fcler George W. Bush die volle Unterst\u00fctzung von Billy, dem ber\u00fchmtesten S\u00fcdbaptisten. Dank der vom Senior mit eingeleiteten Feuertaufe bzw. Bekehrung, konnte der auf Gottes Hilfe und die Neue Weltordnung bauende Bush junior zum gesegneten Krieg gegen den Terror (inbegriffen Oberschurke Osama) aufrufen, um in einer \u201eOperation andauernder Freiheit\u201c den Erdball, inklusive Afghanistan mit den eingeschlossenen Taliban zu befrieden. Ein weiterer selbst verteidigender, mit Bibel Zitaten gespickter Kreuzzug gegen Terroristen wurde kurze Zeit sp\u00e4ter im Irak notwendig, auch wenn diesmal das unwillige UN-Hauptquartier in New York, trotz Powell-Powerpoint-Pr\u00e4sentation keinen Marschbefehl gab.<\/p>\r\n<p><br \/>Ich frage mich, was all diese politischen und religi\u00f6sen Machtk\u00e4mpfe mit dem von Jesus Christus verk\u00fcndigten Reich Gottes gemein haben. Umso bedenklicher stimmen mich die Bilder von Staatsoberh\u00e4uptern, die beim Amtsantritt eine Hand auf die Bibel oder Verfassung legen und mit der anderen schw\u00f6ren, diese zum Wohle der Nation zu sch\u00fctzen. Bei Vergesslichkeit bzw. Versprechern gelobte Barack Hussein, der m\u00e4chtigste Mann der Welt, sicherheitshalber ein zweites Mal, s\u00e4mtliche Rechte der Bev\u00f6lkerung zu achten und dieser treu zu dienen (Der Wahl-Versprecher lautete die Truppen nach 6 Monaten aus dem Irak heim zu bringen \u2013 statt dessen wurden mehr als 30.000 Soldaten nach Afghanistan beordert). Somit sind wir bei dem alles besser k\u00f6nnenden Pr\u00e4sident Obama und den Demokraten angekommen, die im konservativen, evangelikalen Papst erstaunlicher Weise ein langj\u00e4hriges Geheimmitglied als Unterst\u00fctzer haben. So erschienen beim allerletzten Graham-Kreuzug 2005 in New York die Clintons als christliches Vorzeigeehepaar auf der B\u00fchne. Aufmerksamkeit in den Medien ist wichtig im femininen Pr\u00e4sidentschaftskampf. Bruder Bill erreichte am meisten Schlagzeilen, als er wegen des befleckten Kleids der Praktikantin Monica 1998 des Meineids und Ehebruchs \u00fcberf\u00fchrt, aber nicht schuldig gesprochen worden ist. Die Mehrzahl des Senats und der US-Bev\u00f6lkerung lehnen biblische Moralvorstellungen ohnehin ab, und auch in unserem christlichen Abendland spielen inzwischen sexuelle Neigungen, Ehescheidungen und Unwahrheiten eine untergeordnete Rolle bei den politischen Vorbildern (Pr\u00e4sident, Kanzler und Au\u00dfenminister).<\/p>\r\n<p><br \/>Wehe den treulosen Hirten und wehe den falschen Propheten, wenn am Tage des Herrn der K\u00f6nig \u00fcber alle Lande, gem\u00e4\u00df Sacharja 14, 4 mit seinen F\u00fc\u00dfen auf dem \u00d6lberg auftritt.<\/p>\r\n<p>Der starke Engel, der mit seinen F\u00fc\u00dfen eine Br\u00fccke \u00fcber Wasser und Erde baut, hielt das von au\u00dfen betrachtet winzig erscheinende Buch in der Hand und schwor, dass das Geheimnis Gottes bald vollendet sein wird, so wie es durch die Propheten verk\u00fcndigt wurde. Im Gegensatz zu menschlichen Versprechen steht Gottes Wort fest und ist absolut verl\u00e4sslich. Der Herr der ganzen Sch\u00f6pfung kann durch Engels-Botschafter, Donner und selbstverst\u00e4ndlich seine h\u00f6renden Knechte sprechen und es geschieht unverz\u00fcglich.<\/p>\r\n<p>Johannes, einer der Apostel, der das Evangelium, begleitet von Zeichen und Wundern verk\u00fcndigt hat, besa\u00df den Gehorsam und den Mut, den m\u00e4chtigen Engel anzuweisen, das B\u00fcchlein zu \u00fcbergeben. Als er es verinnerlicht hatte konnte er fortfahren \u00fcber V\u00f6lkern, Nationen, Sprachen und K\u00f6nigen zu weissagen. Die Offenbarung weist immer wieder auf die unpopul\u00e4re Botschaft von S\u00fcnde und Gericht hin, wovon in den folgenden Kapiteln die Rede sein wird.<\/p>","protected":false},"excerpt":{"rendered":"<p>Und ich sah einen andern starken Engel vom Himmel herab kommen, bekleidet mit einer Wolke, und ein Regenbogen auf seinem Haupt und sein Angesicht wie die Sonne und seine F\u00fc\u00dfe wie Feuers\u00e4ulen. Und er hielt in seiner Hand ein kleines, ge\u00f6ffnetes Buch. Und er setzte seinen rechten Fu\u00df auf das Meer und den linken auf [&hellip;]<\/p>\n","protected":false},"author":2,"featured_media":0,"parent":94,"menu_order":10,"comment_status":"closed","ping_status":"closed","template":"full-width-page-template.php","meta":{"footnotes":""},"class_list":["post-116","page","type-page","status-publish","hentry"],"_links":{"self":[{"href":"https:\/\/jonathanfischer.de\/index.php?rest_route=\/wp\/v2\/pages\/116","targetHints":{"allow":["GET"]}}],"collection":[{"href":"https:\/\/jonathanfischer.de\/index.php?rest_route=\/wp\/v2\/pages"}],"about":[{"href":"https:\/\/jonathanfischer.de\/index.php?rest_route=\/wp\/v2\/types\/page"}],"author":[{"embeddable":true,"href":"https:\/\/jonathanfischer.de\/index.php?rest_route=\/wp\/v2\/users\/2"}],"replies":[{"embeddable":true,"href":"https:\/\/jonathanfischer.de\/index.php?rest_route=%2Fwp%2Fv2%2Fcomments&post=116"}],"version-history":[{"count":5,"href":"https:\/\/jonathanfischer.de\/index.php?rest_route=\/wp\/v2\/pages\/116\/revisions"}],"predecessor-version":[{"id":1335,"href":"https:\/\/jonathanfischer.de\/index.php?rest_route=\/wp\/v2\/pages\/116\/revisions\/1335"}],"up":[{"embeddable":true,"href":"https:\/\/jonathanfischer.de\/index.php?rest_route=\/wp\/v2\/pages\/94"}],"wp:attachment":[{"href":"https:\/\/jonathanfischer.de\/index.php?rest_route=%2Fwp%2Fv2%2Fmedia&parent=116"}],"curies":[{"name":"wp","href":"https:\/\/api.w.org\/{rel}","templated":true}]}}