{"id":1090,"date":"2021-10-03T11:05:00","date_gmt":"2021-10-03T11:05:00","guid":{"rendered":"http:\/\/jonathanfischer.de\/?page_id=1090"},"modified":"2022-07-09T12:26:51","modified_gmt":"2022-07-09T12:26:51","slug":"gedankenkontrolle-und-meinungsfreiheit","status":"publish","type":"page","link":"https:\/\/jonathanfischer.de\/?page_id=1090","title":{"rendered":"Gedankenkontrolle und Meinungsfreiheit"},"content":{"rendered":"<p>Am Anfang begeben Sie sich bitte gedanklich in einen Jahrtausende alten Ausflug nach Griechenland. Die erste Hochkultur des europ\u00e4ischen Festlands beeinflusst mit seinen Philosophen bekanntlich bis heute unser politisches Denken. In der beherrschenden Staatsform der Polis (Stadtstaaten) war es den B\u00fcrgern erlaubt, von Morgens bis Abends auf den Pl\u00e4tzen zu debattieren und sich eine eigene Meinung zu bilden. Eine positive Entwicklung vollzog sich weg von der Tyrannei und hin zu Wahlen mit einer Volksversammlung, einem Rat und Magistraturen. Nach den Kriterien von Aristoteles definiert sich die selbst gegebene Verfassung als gem\u00e4\u00dfigte, althergebrachte Demokratie. Unser Grundgesetz l\u00e4sst gr\u00fc\u00dfen.<\/p>\n<p>Weit verbreitet sind seit Langem die \u00fcberlieferten Mythen, Sagen und Dichtungen aus der Antike. Wer sich als Lernender auf Wikipedia verl\u00e4sst, erf\u00e4hrt, dass Pan in der griechischen Mythologie der Hirtengott ist. Seiner Gestalt nach ist er ein Mischwesen aus Menschenoberk\u00f6rper und dem Unterk\u00f6rper eines Widders oder eines Ziegenbocks. In den H\u00e4nden h\u00e4lt er einen Hirtenstab oder eine siebenr\u00f6hrige Fl\u00f6te, n\u00e4mlich die Panfl\u00f6te. Der woll\u00fcstige Nachfolger von Dionysos s\u00e4uft bevorzugt Wein und bringt das Volk gerne durch Musizieren in Ekstase. Wenn man den Rausch ausschlafenden G\u00f6ttersohn in seiner Mittagsruhe st\u00f6rt, wird er sehr ungehalten. Das tierisch-menschliche Mischwesen jagt dann die Herde in panischen Schrecken zu j\u00e4her Massenflucht auf, woher sich das Wort Panik ableitet.<\/p>\n<p>Eine Reise von alten Mythen zu einer neuen Fiktion antretend, begeben sich die hoffentlich nicht allzu sehr ver\u00e4ngstigten Leser nun in das Jahr 2060. Dank medizinischem Fortschritt konnte das durchschnittliche Lebensalter erh\u00f6ht werden. Der Schrecken des Klimawandels wurde besiegt, indem gro\u00dfe Erfolge in der Umwelt schonenden Erzeugung und Speicherung von Strom gemacht wurden. Als Wermutstropfen halbierte sich die Weltbev\u00f6lkerung in einem schrecklichen Atomkrieg. Daf\u00fcr setzte sich die nachhaltige Erkenntnis durch, alle Massenvernichtungswaffen abzuschaffen. In der sch\u00f6nen Neuen Welt gab es nur noch eine nachhaltige Regierung mit einem nachhaltigen Machthaber. Der \u00fcberaus intelligente Kopf h\u00f6rte auf den Namen Peter Pan. Seine tragisch verstorbenen Eltern waren B\u00fccherw\u00fcrmer und liebten \u00fcber alles den Roman, bei dem ein Kind niemals erwachsen wird, sondern immer ein Junge bleibt. Ein gewisser Schrecken befiel die Mitmenschen bei dem Gedanken, wie hellseherisch die Namensgebung war. Die von Piraten ausgeraubte Familie von Peter verungl\u00fcckte bei dem darauf folgenden Schiffbruch t\u00f6dlich. Pan war wie durch ein Wunder der einzig \u00dcberlebende des Weltumseglung Feuerinfernos. Ausgerechnet bei seiner Rettung aus der Luft durch die Feen Hubschrauberbrigade zerfleischten Haie seinen verblutenden K\u00f6rper. In einer erstmals durchgef\u00fchrten neuartigen Operation durch Roboter-Chirurgen wurde der Kopf des Dreizehnj\u00e4hrigen durch Geisterhand auf einen k\u00fcnstlichen K\u00f6rper aufgesetzt, der f\u00fcr die Hirnstr\u00f6me sorgte und die Blutzirkulation am Leben hielt. Erstmals gelang es ein menschliches Gehirn mit einem vernetzten Supercomputer zu paaren. Dadurch wurde Peter Pan weltber\u00fchmt. Niemand konnte in den Geisteswissenschaften mit ihm mithalten. Das Wunderkind zog nur zu gerne die Aufmerksamkeit auf sich, indem es zum j\u00fcngsten Schachweltmeister gek\u00fcrt wurde. Die Worte des Genies hatten besonders schweres Gewicht in der \u00d6ffentlichkeit. Am Mikrofon forderte der begabte Redner am Sonntag als Fernsehprediger und am Freitag in w\u00f6chentlichen Demonstrationen, alles M\u00f6gliche zu tun, um der Jugend eine bessere Zukunft zu bieten. Pan liebte alle (Pansexualit\u00e4t?), und alle liebten ihn zur\u00fcck: Gegr\u00fc\u00dfet sei Peter &#8211; lang lebe Pan. Die Zuh\u00f6rer applaudierten frenetisch und jubelten irrsinnig.<\/p>\n<p>ZIEL NUMMER EINS WAR SCHON IMMER GESUNDHEIT!<\/p>\n<p>Die Pharmaindustrie versprach fortw\u00e4hrend, alle Krankheiten ausmerzen zu wollen. Peters h\u00f6chstes politisches Motto lautete entsprechend Hauptsache gesund. Die Sorge um die Erderw\u00e4rmung mit dem Verbot fossiler Brennstoffe hatte sich l\u00e4ngst er\u00fcbrigt, denn die atomaren Waffen l\u00f6sten eine kleine Eiszeit aus. Pan selbst konnte dank weitgehend fehlendem Fleisch nicht mehr krank werden, und durch den medizinischen Fortschritt alterte er anscheinend nicht mehr. Seine Gesichtsz\u00fcge \u00e4nderten sich wegen einer verbesserten Botoxbehandlung selbst mit 33 Jahren nicht. Man hielt ihn f\u00fcr den ersten Menschen, der unsterblich wurde. Um einen Bogen zur\u00fcck zur griechischen Mythologie zu spannen, verlangte Pan, dass sein Unterk\u00f6rper dem Aussehen nach an einen Ziegenbock angepasst wurde. Nat\u00fcrlich konnte niemand so sch\u00f6n wie Pan mit der Panfl\u00f6te spielen. Das weltweit verzauberte Publikum an den Fernsehschirmen wurde regelrecht in den Bann gezogen. Mit seinen tierischen, mechanischen F\u00fc\u00dfen konnte der neue Machthaber gehen und mit seinen k\u00fcnstlichen Hydraulik-Armen den Untergebenen von seinem wei\u00dfen Papstflugmobil aus hypnotisierend zuwinken. Allzu selbstverst\u00e4ndlich wurde der Schwarze Peter mit seiner geh\u00f6rnten Tiara zum F\u00fchrer aller abgesetzten Weltreligionen gew\u00e4hlt. Der verg\u00f6tterte Imperator schaffte neben der katholischen Kirche das Milit\u00e4r ab und schuf sich stattdessen eine Armee von unbewaffneten Geheimagenten, wof\u00fcr er den jesuitischen Friedensnobelpreis bekam. Die Schmutzarbeit \u00fcbernahmen dann unbemannte Drohnen am Himmel, \u00fcber die jegliche Berichterstattung verboten wurde. In der Tat ging durch die \u00dcberwachung von jedem Schritt und Tritt die Kriminalit\u00e4tsrate zur\u00fcck. Gef\u00e4ngnisse wurden geschlossen. Es bestand kein Zweifel darin, dass der oberste Br\u00fcckenbauer Sankt Peter durch die Durchf\u00fchrung seines Willens verantwortlich f\u00fcr das Heil der Menschheit war. Gebete und Bitten durften nur an den Guten Hirten mit dem Zauberstab gerichtet werden, der sich wachsender Popularit\u00e4t erfreute. Zur Freude vieler S\u00fcchtigen wurde ein weltweites Alkohol- und Rauchverbot aufgehoben und im Gegenzug alle b\u00f6sen Genuss verbietenden Religionsf\u00fchrer entmachtet. Das brachte Frieden auf Erden. Gro\u00df und Klein glaubte das tausendj\u00e4hrige Friedensreich sei angebrochen.<\/p>\n<p>Nur zu sch\u00f6n w\u00e4re eine Welt ohne Probleme. Zum Leide vieler gab es die allgegenw\u00e4rtige Angst vor t\u00f6dlichen Virusinfektionen. Denn als eingesetztes Mittel, um befeindete V\u00f6lker in Schrecken zu versetzen, verbreiteten Wissenschaftler einst im Labor gez\u00fcchtete Krankheitserreger. Das Wissen dar\u00fcber verursachte urspr\u00fcnglich den Ausbruch des dritten Weltkrieges. Science Fiction oder nicht, die ge\u00f6ffnete B\u00fcchse der Pandora lie\u00df sich trotz Ausgangssperren nicht mehr schlie\u00dfen. In Gebieten, wo die Pandemie am schlimmsten w\u00fctete, waren Leute selbst im Schlaf gezwungen, Raumanz\u00fcge mit ausgekl\u00fcgelter Sauerstoffzufuhr zu tragen. Dank neuer Gentechnologien hatte sich sowieso die k\u00fcnstliche Befruchtung durchgesetzt. K\u00fcssen verboten! Sex spielte sich gesetzlich verordnet virtuell hinter der 3D-Brille und maximal mit Plastikspielzeug ab, wobei sich s\u00fc\u00dfe Haushalts-Roboter zu keimfreien Puppen entwickelt hatten.<\/p>\n<p>Das Bargeld ist in einer Neuen Weltordnung mit Great Reset l\u00e4ngst durch eine Weltzentralbank abgeschafft worden. Alle B\u00fcrger wurden durch eine Digitalw\u00e4hrung mit allem Lebensnotwendigen durch ein universelles Grundeinkommen versorgt, ohne gro\u00df arbeiten zu m\u00fcssen. Die schwere Arbeit \u00fcbernahm l\u00e4ngst die k\u00fcnstliche Intelligenz mit unz\u00e4hligen Computer gesteuerten Maschinen. Alles wurde gechippt und vernetzt. Alle Unternehmen wurden verstaatlicht. Die Reichen wurden zur Freude der Mehrheit, der in ihrem Wachstum bevormundeten Bev\u00f6lkerung, durch eine moderne Art von Kommunismus in ihrem Grundbesitz enteignet. Das Ende von allem Privatbesitz wurde in einem weltweiten sozialen Bewertungssystem eingel\u00e4utet. Unterschiede betonend, wurde die Gleichheit jedes Individuums vor dem Gesetz angepriesen. Zur Bek\u00e4mpfung der Kriminalit\u00e4t und zur Kontrolle der staatlichen Gesetze wurde nicht nur der Geldverkehr von Spitzeln genauestens \u00fcberwacht. Den Kameras und Satelliten\u00fcberwachungsanlagen entging rein gar nichts. Paare, die in Flagranti auf dem Maisfeld erwischt wurden, wurden kurzerhand durch eine mit W\u00e4rmesensor und Raketen ausgestattete Drohne hingerichtet. Selbst Schuld dachten die treuen Kameraden in ihrem Schlafzimmer, welche einen Schwur auf Peter Pan in seiner Ranch geleistet hatten, keinen k\u00f6rperlichen Intimit\u00e4ten mehr auszutauschen. Peter begr\u00fcndete als F\u00fchrungsfigur, auf die die Gesellschaft aufgebaut wird, mit der veralteten Bibel sein Hauptgebot: Zeus wolle alle Erwachsenen zu kleinen Kindern machen, indem sie keinen Beischlaf ausf\u00fchren. Sonst k\u00f6nne niemand ins Niemandsland kommen. Manchen Mitb\u00fcrgern erschienen die Wiedereinf\u00fchrung der Todesstrafe als zu drakonisch, aber mit der k\u00f6rperlichen Vereinigung gef\u00e4hrdete man ja den Fortbestand der Menschheit. Durch schier unendliche Wiederholungen der L\u00fcgenpresse, begannen die Leute k\u00f6rperliche N\u00e4he zu meiden, vermieden als Stubenhocker jeglichen Verkehr und hassten es, \u00fcber Intimit\u00e4t nachzudenken. Die im Reagenzglas gezeugten Kinder wurden den M\u00fcttern durch die Familie ersetzende Umerziehungsheime nach der Entw\u00f6hnung weggenommen.<\/p>\n<p>Das h\u00f6chste Gebot der N\u00e4chstenliebe und die Liebe zu Pan dr\u00fcckte sich dadurch aus, dass man seine Mitmenschen nicht durch Unvorsichtigkeit umbringen darf!<\/p>\n<p>Jegliche Kritik oder Zweifel am Nutzen dieser Vorgehensweise wurde im Keim erstickt. Es gab keine Presse- oder Meinungsfreiheit. Fotografieren und Filmen wurde zur Sicherheit aller und zum Schutz der Geheimpolizei verboten. Das Internet war l\u00e4ngst zensiert, sodass bestimmte W\u00f6rter gar nicht auftauchen konnten. Jede Webseite, die neu verfasst wurde, und sogar jeder neue Satz durchlief einen Genehmigungsprozess. Denn den Weg f\u00fcr die L\u00f6sung aller Probleme kannte alleine der F\u00fchrer mit seiner k\u00fcnstlichen Intelligenz. Er wollte, alle w\u00e4ren und werden wie er. Ohne vorbestimmtes Geschlecht und alleine in einer Wohnung lie\u00df es sich viel besser und sicherer leben. Sein Hirn war mit einer Recheneinheit verbunden, die in seinen Lenden untergebracht war. Seine Jugend behielt der f\u00fchrende Kopf durch die Verabreichung von Blut und Zelllinien abgetriebener Babies. Um daran zu kommen, wurden die M\u00fctter von den \u00c4rzten angelogen, ihre Kinder im Bauch gef\u00e4hrdeten durch eine Behinderung ihr Leben oder h\u00e4tten nicht das gew\u00fcnschte Geschlecht. Als Anreiz wurde ein an die vergr\u00f6\u00dferte Brust gehefteter Sonnenblumen-Orden f\u00fcr die selbstbestimmte Abtreibung von mindestens sechs Lebewesen verliehen. Das machte die eint\u00f6nige, gr\u00fcne Einheitskleidung der Parteimitglieder etwas bunter. \u00dcberhaupt ging es bei aller Irref\u00fchrung darum, sich vom menschlichen Leib zu ent\u00e4u\u00dfern, um Unsterblichkeit zu erlangen. Die Angleichung der Geschlechter und Kindererziehung \u00fcbernahm selbstverst\u00e4ndlich der allm\u00e4chtige F\u00fchrer. Wer in der Hierarchie in seine Vollversammlung der Vereinigten Nationen aufsteigen wollte, lie\u00df sich freiwillig den Kopf abschneiden und denselben tierischen Unterk\u00f6rper, wie vom Menschgott Pan verpassen. Durch die Apokalypse des Johannes begr\u00fcndet, sollte diese Ehre maximal 144.000 \u00dcbermenschen zuteilwerden. Die Doktrin der nat\u00fcrlichen Auslese von Darwin mit der Evolutionslehre diente als Rechtfertigung, warum die von megaschnellen Rechnern angetriebenen Tierk\u00f6rper \u00fcber die \u00fcbrigen Untertanen herrschen. Schlie\u00dflich dominierten die Halbg\u00f6tter mit ihrer unb\u00e4ndigen Elektronen-Energie auch alle Sportarten bei den Olympischen Spielen. Die Verkn\u00fcpfung ihres menschlichen Verstandes mit einem vom eigenen Kraftwerk angetriebenen Zentralrechner f\u00fchrte zu einem nie dagewesenen Wissen. Kein Wunder, dass der gew\u00f6hnlich Sterbliche sich besch\u00e4mt wegduckte. Also tat der Durchschnittsb\u00fcrger alles, was von ihm verlangt wurde gem\u00e4\u00df dem Leitspruch:<\/p>\n<p>ALLE SIND INTELLIGENT, ABER MANCHE SIND INTELLIGENTER!<\/p>\n<p>&#8212;&#8212;&#8212;&#8212;Schnitt&#8212;&#8212;&#8212;&#8212;<\/p>\n<p>Heute ist der 3. Oktober 2021. Meine Tochter Michelle Jael feiert ihren 10. Geburtstag. Wegen der sich st\u00e4ndig \u00e4ndernden Gesetzeslage mussten wir uns aufgrund von Kontaktbeschr\u00e4nkungen und 3G-Regeln \u00fcberlegen, wen sie alles einladen und wie die Feier ablaufen darf. Nun ist der 3. Oktober seit 1990 mit dem Wirksamwerden des Beitritts der Deutschen Demokratischen Republik zur Bundesrepublik Deutschland mit dem Tag der Deutschen Einheit gesetzlicher Feiertag. Der eigentliche Mauerfall als Freudenfest ereignete sich am 9. November 1989. Am 9. November 1938 geschah die Reichspogromnacht, an die sich kein Deutscher mehr gerne erinnert. Bestimmt hat die Verfolgung, Diskriminierung und Benachteiligung von bestimmten Gruppen in der Bev\u00f6lkerung aufgeh\u00f6rt. Immerhin erschie\u00dft die SS keine unzuverl\u00e4ssigen Radioh\u00f6rer mehr, die dem verschw\u00f6rerischen Feindfunk mehr vertrauen, als der eigenen Regierung. Die Erinnerung an die Freiheit herbei sehnenden Fluchtopfer an der Mauer f\u00e4llt ebenso schwer. Die Grenze zwischen Ost und West wurde in eine immer perfektere Todesfalle mit Wacht\u00fcrmen, Minen und Selbstschussanlagen umgebaut. Zur Bew\u00e4ltigung der DDR-Geschichte wurde j\u00fcngst die Stasi-Akten-Beh\u00f6rde geschlossen. Gro\u00dfe Schmerzen l\u00f6ste das bekannt gewordene Wissen \u00fcber den Verrat in der eigenen Familie und durch beste Freunde aus. So etwas ist heute nicht mehr m\u00f6glich, versichern selbstgerechte Pharis\u00e4er in Regierungen. Diese haben auch \u00fcberhaupt nichts gemein mit Erich Honecker und dem menschenverachtenden Verhalten anderer Diktatoren des 20. Jahrhunderts. Denken Sie an Hitler, Mussolini, Stalin, Mao, Franco, Tito, Pinochet, Pol Pot, Idi Amin, Saddam Hussein, Gaddafi, Kim II-sung oder Ceausescu.<\/p>\n<p>Wie erb\u00e4rmlich alle Ma\u00dfnahmen zur Gedankenkontrolle und Einschr\u00e4nkung der Meinungsfreiheit sein k\u00f6nnen, bewies Enver Hoxha mit dem zur\u00fcck gebliebenen Armenhaus Europas. Albanien dient als Beispiel, dass es m\u00f6glich ist, sich von der Au\u00dfenwelt abzuschotten. Anstelle Stahl und Beton f\u00fcr H\u00e4user zu verwenden, wurden \u00fcberall milit\u00e4rische Abwehranlagen mit h\u00e4sslichen Bunkern gebaut. Der b\u00f6se Feind wollte n\u00e4mlich nicht, dass es dem wegen ausl\u00e4ndischer Bedrohung hungerndem albanischen Volk weiterhin unter ihrem Generalsekret\u00e4r des Zentralkomitees der Partei der Arbeit so gut geht. Also investierte der Diktator das Geld in explodierende Munitionslager. Technischer Fortschritt wurde nicht zugelassen, denn sonst h\u00e4tten die kommunistischen Parteimitglieder durch Radio und Fernsehen mitbekommen, wie gl\u00fccklich die kapitalistische Bev\u00f6lkerung der Nachbarn von Griechenland oder Italien ist. Typisch f\u00fcr die Diktatoren des 20. Jahrhunderts sind \u00fcbergro\u00dfe Statuen, mit denen sie sich verehren lie\u00dfen. Als besondere F\u00fchrer-Kultst\u00e4tte bekam Enver Hoxha nach seinem Tod ein Pyramiden-Mausoleum mit beleuchtetem rotem Pentagramm-Stern an der Spitze vermacht, \u00fcber welches freilich in Tirana ein heftiger Streit entbrannte.<\/p>\n<p>Mir brennt auf den N\u00e4geln, \u00fcber mehr Verbl\u00f6dung und Symbolik in der j\u00fcngsten Geschichte zu berichten. Da die Gedanken frei sind, m\u00f6gen die aufmerksamen Leser ihren eigenen Verstand einschalten und zur Meinungsbildung m\u00f6gliche Parallelen ziehen.<\/p>\n","protected":false},"excerpt":{"rendered":"<p>Am Anfang begeben Sie sich bitte gedanklich in einen Jahrtausende alten Ausflug nach Griechenland. Die erste Hochkultur des europ\u00e4ischen Festlands beeinflusst mit seinen Philosophen bekanntlich bis heute unser politisches Denken. In der beherrschenden Staatsform der Polis (Stadtstaaten) war es den B\u00fcrgern erlaubt, von Morgens bis Abends auf den Pl\u00e4tzen zu debattieren und sich eine eigene [&hellip;]<\/p>\n","protected":false},"author":2,"featured_media":0,"parent":37,"menu_order":44,"comment_status":"open","ping_status":"closed","template":"","meta":{"footnotes":""},"class_list":["post-1090","page","type-page","status-publish","hentry"],"_links":{"self":[{"href":"https:\/\/jonathanfischer.de\/index.php?rest_route=\/wp\/v2\/pages\/1090","targetHints":{"allow":["GET"]}}],"collection":[{"href":"https:\/\/jonathanfischer.de\/index.php?rest_route=\/wp\/v2\/pages"}],"about":[{"href":"https:\/\/jonathanfischer.de\/index.php?rest_route=\/wp\/v2\/types\/page"}],"author":[{"embeddable":true,"href":"https:\/\/jonathanfischer.de\/index.php?rest_route=\/wp\/v2\/users\/2"}],"replies":[{"embeddable":true,"href":"https:\/\/jonathanfischer.de\/index.php?rest_route=%2Fwp%2Fv2%2Fcomments&post=1090"}],"version-history":[{"count":8,"href":"https:\/\/jonathanfischer.de\/index.php?rest_route=\/wp\/v2\/pages\/1090\/revisions"}],"predecessor-version":[{"id":1373,"href":"https:\/\/jonathanfischer.de\/index.php?rest_route=\/wp\/v2\/pages\/1090\/revisions\/1373"}],"up":[{"embeddable":true,"href":"https:\/\/jonathanfischer.de\/index.php?rest_route=\/wp\/v2\/pages\/37"}],"wp:attachment":[{"href":"https:\/\/jonathanfischer.de\/index.php?rest_route=%2Fwp%2Fv2%2Fmedia&parent=1090"}],"curies":[{"name":"wp","href":"https:\/\/api.w.org\/{rel}","templated":true}]}}